Last updated on 2024-08-16 05:48:16 CEST.
Flavor | Version | Tinstall | Tcheck | Ttotal | Status | Flags |
---|---|---|---|---|---|---|
r-devel-linux-x86_64-debian-clang | 0.20.21 | 26.93 | 57.87 | 84.80 | NOTE | |
r-devel-linux-x86_64-debian-gcc | 0.20.21 | 18.89 | 40.59 | 59.48 | NOTE | |
r-devel-linux-x86_64-fedora-clang | 0.20.21 | 145.52 | NOTE | |||
r-devel-linux-x86_64-fedora-gcc | 0.20.21 | 143.62 | OK | |||
r-devel-windows-x86_64 | 0.20.21 | 31.00 | 92.00 | 123.00 | NOTE | |
r-patched-linux-x86_64 | 0.20.21 | 27.63 | 54.59 | 82.22 | OK | |
r-release-linux-x86_64 | 0.20.21 | 27.06 | 54.38 | 81.44 | OK | |
r-release-macos-arm64 | 0.20.21 | 40.00 | OK | |||
r-release-macos-x86_64 | 0.20.21 | 66.00 | OK | |||
r-release-windows-x86_64 | 0.20.21 | 31.00 | 91.00 | 122.00 | OK | |
r-oldrel-macos-arm64 | 0.20.21 | 51.00 | OK | |||
r-oldrel-macos-x86_64 | 0.20.21 | 89.00 | OK | |||
r-oldrel-windows-x86_64 | 0.20.21 | 37.00 | 114.00 | 151.00 | OK |
Version: 0.20.21
Check: Rd cross-references
Result: NOTE
Found the following Rd file(s) with Rd \link{} targets missing package
anchors:
plot.biwavelet.Rd: image.plot
Please provide package anchors for all Rd \link{} targets not in the
package itself and the base packages.
Flavors: r-devel-linux-x86_64-debian-clang, r-devel-linux-x86_64-debian-gcc, r-devel-windows-x86_64
Version: 0.20.21
Check: Rd cross-references
Result: NOTE
Undeclared package ‘RColorBrewer’ in Rd xrefs
Flavor: r-devel-linux-x86_64-fedora-clang