Last updated on 2024-08-06 05:49:18 CEST.
Flavor | Version | Tinstall | Tcheck | Ttotal | Status | Flags |
---|---|---|---|---|---|---|
r-devel-linux-x86_64-debian-clang | 0.8.1 | 13.98 | 486.65 | 500.63 | OK | |
r-devel-linux-x86_64-debian-gcc | 0.8.1 | 7.84 | 246.87 | 254.71 | OK | |
r-devel-linux-x86_64-fedora-clang | 0.8.1 | 629.94 | NOTE | |||
r-devel-linux-x86_64-fedora-gcc | 0.8.1 | 599.42 | OK | |||
r-devel-windows-x86_64 | 0.8.1 | 16.00 | 403.00 | 419.00 | NOTE | |
r-patched-linux-x86_64 | 0.8.1 | 13.83 | 358.91 | 372.74 | OK | |
r-release-linux-x86_64 | 0.8.1 | 12.71 | 469.28 | 481.99 | OK | |
r-release-macos-arm64 | 0.8.1 | 192.00 | NOTE | |||
r-release-macos-x86_64 | 0.8.1 | 518.00 | NOTE | |||
r-release-windows-x86_64 | 0.8.1 | 17.00 | 402.00 | 419.00 | NOTE | |
r-oldrel-macos-arm64 | 0.8.1 | 216.00 | NOTE | |||
r-oldrel-macos-x86_64 | 0.8.1 | 428.00 | NOTE | |||
r-oldrel-windows-x86_64 | 0.8.1 | 23.00 | 448.00 | 471.00 | NOTE |
Version: 0.8.1
Check: package dependencies
Result: NOTE
Imports includes 21 non-default packages.
Importing from so many packages makes the package vulnerable to any of
them becoming unavailable. Move as many as possible to Suggests and
use conditionally.
Flavor: r-devel-linux-x86_64-fedora-clang
Version: 0.8.1
Check: installed package size
Result: NOTE
installed size is 5.6Mb
sub-directories of 1Mb or more:
data 1.6Mb
extdata 2.0Mb
Flavors: r-devel-linux-x86_64-fedora-clang, r-devel-windows-x86_64, r-release-macos-arm64, r-release-macos-x86_64, r-release-windows-x86_64, r-oldrel-macos-arm64, r-oldrel-macos-x86_64, r-oldrel-windows-x86_64