Last updated on 2024-08-06 05:49:18 CEST.
Flavor | Version | Tinstall | Tcheck | Ttotal | Status | Flags |
---|---|---|---|---|---|---|
r-devel-linux-x86_64-debian-clang | 1.9.1 | 2.86 | 52.10 | 54.96 | NOTE | |
r-devel-linux-x86_64-debian-gcc | 1.9.1 | 2.44 | 28.36 | 30.80 | NOTE | |
r-devel-linux-x86_64-fedora-clang | 1.9.1 | 70.47 | NOTE | |||
r-devel-linux-x86_64-fedora-gcc | 1.9.1 | 66.56 | NOTE | |||
r-devel-windows-x86_64 | 1.9.1 | 4.00 | 64.00 | 68.00 | NOTE | |
r-patched-linux-x86_64 | 1.9.1 | 3.45 | 38.09 | 41.54 | NOTE | |
r-release-linux-x86_64 | 1.9.1 | 4.63 | 48.68 | 53.31 | NOTE | |
r-release-macos-arm64 | 1.9.1 | 25.00 | NOTE | |||
r-release-macos-x86_64 | 1.9.1 | 43.00 | NOTE | |||
r-release-windows-x86_64 | 1.9.1 | 5.00 | 64.00 | 69.00 | NOTE | |
r-oldrel-macos-arm64 | 1.9.1 | 27.00 | NOTE | |||
r-oldrel-macos-x86_64 | 1.9.1 | 39.00 | NOTE | |||
r-oldrel-windows-x86_64 | 1.9.1 | 5.00 | 69.00 | 74.00 | NOTE |
Version: 1.9.1
Check: package dependencies
Result: NOTE
Package suggested but not available for checking: ‘ffbase’
Flavors: r-devel-linux-x86_64-debian-clang, r-devel-linux-x86_64-debian-gcc, r-devel-linux-x86_64-fedora-clang, r-devel-linux-x86_64-fedora-gcc, r-devel-windows-x86_64, r-patched-linux-x86_64, r-release-linux-x86_64, r-release-macos-arm64, r-release-macos-x86_64, r-release-windows-x86_64, r-oldrel-macos-arm64, r-oldrel-macos-x86_64, r-oldrel-windows-x86_64