Last updated on 2025-02-02 05:48:19 CET.
Flavor | Version | Tinstall | Tcheck | Ttotal | Status | Flags |
---|---|---|---|---|---|---|
r-devel-linux-x86_64-debian-clang | 1.6 | 10.38 | 138.37 | 148.75 | NOTE | |
r-devel-linux-x86_64-debian-gcc | 1.6 | 8.60 | 112.55 | 121.15 | NOTE | |
r-devel-linux-x86_64-fedora-clang | 1.6 | 229.62 | NOTE | |||
r-devel-linux-x86_64-fedora-gcc | 1.6 | 241.18 | NOTE | |||
r-devel-windows-x86_64 | 1.6 | 13.00 | 158.00 | 171.00 | NOTE | |
r-patched-linux-x86_64 | 1.6 | 9.92 | 135.63 | 145.55 | NOTE | |
r-release-linux-x86_64 | 1.6 | 10.46 | 138.61 | 149.07 | NOTE | |
r-release-macos-arm64 | 1.6 | 89.00 | NOTE | |||
r-release-macos-x86_64 | 1.6 | 160.00 | NOTE | |||
r-release-windows-x86_64 | 1.6 | 15.00 | 152.00 | 167.00 | NOTE | |
r-oldrel-macos-arm64 | 1.6 | 104.00 | OK | |||
r-oldrel-macos-x86_64 | 1.6 | 161.00 | OK | |||
r-oldrel-windows-x86_64 | 1.6 | 15.00 | 183.00 | 198.00 | OK |
Version: 1.6
Check: Rd files
Result: NOTE
checkRd: (-1) pQF.Rd:30: Lost braces; missing escapes or markup?
30 | When \code{M} is not square, a randomised estimator for the trace of \code{crossprod(M)^2} is used. This is the sample size. When \code{M} is of \code{"matrixfree"} and does not include the trace of {crossprod(M)} as a component, this sample size will also be used to compute that. See Hutchinson reference. }
| ^
Flavors: r-devel-linux-x86_64-debian-clang, r-devel-linux-x86_64-debian-gcc, r-devel-linux-x86_64-fedora-clang, r-devel-linux-x86_64-fedora-gcc, r-devel-windows-x86_64, r-patched-linux-x86_64, r-release-linux-x86_64, r-release-macos-arm64, r-release-macos-x86_64, r-release-windows-x86_64