Last updated on 2024-06-30 05:53:04 CEST.
Flavor | Version | Tinstall | Tcheck | Ttotal | Status | Flags |
---|---|---|---|---|---|---|
r-devel-linux-x86_64-debian-clang | 3.1 | 1007.97 | 315.81 | 1323.78 | NOTE | |
r-devel-linux-x86_64-debian-gcc | 3.1 | 877.40 | 287.21 | 1164.61 | NOTE | |
r-devel-linux-x86_64-fedora-clang | 3.1 | 1634.68 | NOTE | |||
r-devel-linux-x86_64-fedora-gcc | 3.1 | 2336.77 | NOTE | |||
r-devel-windows-x86_64 | 3.1 | 775.00 | 295.00 | 1070.00 | NOTE | |
r-patched-linux-x86_64 | 3.1 | 732.86 | 379.95 | 1112.81 | NOTE | |
r-release-linux-x86_64 | 3.1 | 811.12 | 345.59 | 1156.71 | NOTE | |
r-release-macos-arm64 | 3.1 | 381.00 | NOTE | |||
r-release-macos-x86_64 | 3.1 | 390.00 | NOTE | |||
r-release-windows-x86_64 | 3.1 | 781.00 | 287.00 | 1068.00 | NOTE | |
r-oldrel-macos-arm64 | 3.1 | 329.00 | NOTE | |||
r-oldrel-macos-x86_64 | 3.1 | 364.00 | NOTE | |||
r-oldrel-windows-x86_64 | 3.1 | 1008.00 | 373.00 | 1381.00 | NOTE |
Version: 3.1
Check: for GNU extensions in Makefiles
Result: NOTE
GNU make is a SystemRequirements.
Flavors: r-devel-linux-x86_64-debian-clang, r-devel-linux-x86_64-debian-gcc, r-devel-linux-x86_64-fedora-clang, r-devel-linux-x86_64-fedora-gcc, r-devel-windows-x86_64, r-patched-linux-x86_64, r-release-linux-x86_64, r-release-macos-arm64, r-release-macos-x86_64, r-release-windows-x86_64, r-oldrel-macos-arm64, r-oldrel-macos-x86_64, r-oldrel-windows-x86_64
Version: 3.1
Check: installed package size
Result: NOTE
installed size is 9.2Mb
sub-directories of 1Mb or more:
libs 7.6Mb
Flavors: r-devel-linux-x86_64-fedora-clang, r-devel-windows-x86_64, r-release-macos-arm64, r-release-macos-x86_64, r-release-windows-x86_64, r-oldrel-macos-arm64, r-oldrel-macos-x86_64, r-oldrel-windows-x86_64