Last updated on 2024-08-16 05:48:16 CEST.
Flavor | Version | Tinstall | Tcheck | Ttotal | Status | Flags |
---|---|---|---|---|---|---|
r-devel-linux-x86_64-debian-clang | 2.1.2.0 | 42.81 | 237.37 | 280.18 | NOTE | |
r-devel-linux-x86_64-debian-gcc | 2.1.2.0 | 30.58 | 167.79 | 198.37 | NOTE | |
r-devel-linux-x86_64-fedora-clang | 2.1.2.0 | 461.62 | NOTE | |||
r-devel-linux-x86_64-fedora-gcc | 2.1.2.0 | 447.20 | OK | |||
r-devel-windows-x86_64 | 2.1.2.0 | 34.00 | 221.00 | 255.00 | NOTE | |
r-patched-linux-x86_64 | 2.1.2.0 | 52.70 | 224.47 | 277.17 | OK | |
r-release-linux-x86_64 | 2.1.2.0 | 41.43 | 226.42 | 267.85 | OK | |
r-release-macos-arm64 | 2.1.2.0 | 121.00 | NOTE | |||
r-release-macos-x86_64 | 2.1.2.0 | 181.00 | NOTE | |||
r-release-windows-x86_64 | 2.1.2.0 | 35.00 | 220.00 | 255.00 | NOTE | |
r-oldrel-macos-arm64 | 2.1.2.0 | 118.00 | NOTE | |||
r-oldrel-macos-x86_64 | 2.1.2.0 | 305.00 | NOTE | |||
r-oldrel-windows-x86_64 | 2.1.2.0 | 46.00 | 286.00 | 332.00 | NOTE |
Version: 2.1.2.0
Check: Rd cross-references
Result: NOTE
Found the following Rd file(s) with Rd \link{} targets missing package
anchors:
pull_brmsfit.Rd: brmsfit
Please provide package anchors for all Rd \link{} targets not in the
package itself and the base packages.
Flavors: r-devel-linux-x86_64-debian-clang, r-devel-linux-x86_64-debian-gcc, r-devel-windows-x86_64
Version: 2.1.2.0
Check: installed package size
Result: NOTE
installed size is 5.3Mb
sub-directories of 1Mb or more:
data 3.7Mb
doc 1.0Mb
Flavors: r-devel-linux-x86_64-fedora-clang, r-devel-windows-x86_64, r-release-macos-arm64, r-release-macos-x86_64, r-release-windows-x86_64, r-oldrel-macos-arm64, r-oldrel-macos-x86_64, r-oldrel-windows-x86_64