Last updated on 2025-02-02 05:48:19 CET.
Flavor | Version | Tinstall | Tcheck | Ttotal | Status | Flags |
---|---|---|---|---|---|---|
r-devel-linux-x86_64-debian-clang | 0.2.1 | 33.94 | 97.91 | 131.85 | NOTE | |
r-devel-linux-x86_64-debian-gcc | 0.2.1 | 23.16 | 67.62 | 90.78 | NOTE | |
r-devel-linux-x86_64-fedora-clang | 0.2.1 | 231.70 | NOTE | |||
r-devel-linux-x86_64-fedora-gcc | 0.2.1 | 219.40 | NOTE | |||
r-devel-windows-x86_64 | 0.2.1 | 42.00 | 134.00 | 176.00 | NOTE | |
r-patched-linux-x86_64 | 0.2.1 | 33.55 | 88.98 | 122.53 | NOTE | |
r-release-linux-x86_64 | 0.2.1 | 33.32 | 88.95 | 122.27 | NOTE | |
r-release-macos-arm64 | 0.2.1 | 59.00 | NOTE | |||
r-release-macos-x86_64 | 0.2.1 | 83.00 | NOTE | |||
r-release-windows-x86_64 | 0.2.1 | 38.00 | 134.00 | 172.00 | NOTE | |
r-oldrel-macos-arm64 | 0.2.1 | 68.00 | OK | |||
r-oldrel-macos-x86_64 | 0.2.1 | 107.00 | OK | |||
r-oldrel-windows-x86_64 | 0.2.1 | 48.00 | 160.00 | 208.00 | OK |
Version: 0.2.1
Check: Rd files
Result: NOTE
checkRd: (-1) insert_NAs.Rd:22: Lost braces; missing escapes or markup?
22 | A data frame where new rows have been inserted to regularize the \code{date} column. This results in values provided for \code{id}, \code{date}, and {dt} while inserting NAs for all other columns. Additionally, observations with duplicate date-times are removed.
| ^
Flavors: r-devel-linux-x86_64-debian-clang, r-devel-linux-x86_64-debian-gcc, r-devel-linux-x86_64-fedora-clang, r-devel-linux-x86_64-fedora-gcc, r-devel-windows-x86_64, r-patched-linux-x86_64, r-release-linux-x86_64, r-release-macos-arm64, r-release-macos-x86_64, r-release-windows-x86_64