Last updated on 2024-08-16 05:48:16 CEST.
Flavor | Version | Tinstall | Tcheck | Ttotal | Status | Flags |
---|---|---|---|---|---|---|
r-devel-linux-x86_64-debian-clang | 0.1.3 | 73.25 | 162.94 | 236.19 | OK | |
r-devel-linux-x86_64-debian-gcc | 0.1.3 | 53.97 | 100.95 | 154.92 | OK | |
r-devel-linux-x86_64-fedora-clang | 0.1.3 | 416.41 | OK | |||
r-devel-linux-x86_64-fedora-gcc | 0.1.3 | 405.70 | OK | |||
r-devel-windows-x86_64 | 0.1.3 | 74.00 | 231.00 | 305.00 | OK | |
r-patched-linux-x86_64 | 0.1.3 | 73.69 | 135.70 | 209.39 | OK | |
r-release-linux-x86_64 | 0.1.3 | 71.93 | 137.52 | 209.45 | OK | |
r-release-macos-arm64 | 0.1.3 | 124.00 | NOTE | |||
r-release-macos-x86_64 | 0.1.3 | 249.00 | NOTE | |||
r-release-windows-x86_64 | 0.1.3 | 72.00 | 232.00 | 304.00 | OK | |
r-oldrel-macos-arm64 | 0.1.3 | 161.00 | NOTE | |||
r-oldrel-macos-x86_64 | 0.1.3 | 242.00 | NOTE | |||
r-oldrel-windows-x86_64 | 0.1.3 | 89.00 | 265.00 | 354.00 | OK |
Version: 0.1.3
Check: installed package size
Result: NOTE
installed size is 7.1Mb
sub-directories of 1Mb or more:
libs 6.5Mb
Flavors: r-release-macos-arm64, r-release-macos-x86_64, r-oldrel-macos-arm64, r-oldrel-macos-x86_64