Last updated on 2025-02-03 05:49:01 CET.
Flavor | Version | Tinstall | Tcheck | Ttotal | Status | Flags |
---|---|---|---|---|---|---|
r-devel-linux-x86_64-debian-clang | 0.2.2 | 6.53 | 57.37 | 63.90 | NOTE | |
r-devel-linux-x86_64-debian-gcc | 0.2.2 | 5.56 | 40.03 | 45.59 | NOTE | |
r-devel-linux-x86_64-fedora-clang | 0.2.2 | 106.11 | NOTE | |||
r-devel-linux-x86_64-fedora-gcc | 0.2.2 | 94.94 | NOTE | |||
r-devel-windows-x86_64 | 0.2.2 | 9.00 | 77.00 | 86.00 | NOTE | |
r-patched-linux-x86_64 | 0.2.2 | 6.84 | 51.11 | 57.95 | NOTE | |
r-release-linux-x86_64 | 0.2.2 | 6.81 | 52.49 | 59.30 | NOTE | |
r-release-macos-arm64 | 0.2.2 | 31.00 | NOTE | |||
r-release-macos-x86_64 | 0.2.2 | 52.00 | NOTE | |||
r-release-windows-x86_64 | 0.2.2 | 9.00 | 72.00 | 81.00 | NOTE | |
r-oldrel-macos-arm64 | 0.2.2 | 34.00 | OK | |||
r-oldrel-macos-x86_64 | 0.2.2 | 50.00 | OK | |||
r-oldrel-windows-x86_64 | 0.2.2 | 11.00 | 83.00 | 94.00 | OK |
Version: 0.2.2
Check: Rd files
Result: NOTE
checkRd: (-1) bd_collect.Rd:30: Lost braces; missing escapes or markup?
30 | the {dplyr}'s verbs and thus use it in local memory completely.
| ^
checkRd: (-1) bd_write.Rd:52: Lost braces; missing escapes or markup?
52 | Writes a remote table to disk that was called via {bdplyr}.
| ^
checkRd: (-1) bdplyr.Rd:5: Lost braces; missing escapes or markup?
5 | \title{Compatibility with {dplyr} verbs without using SQL language}
| ^
Flavors: r-devel-linux-x86_64-debian-clang, r-devel-linux-x86_64-debian-gcc, r-devel-linux-x86_64-fedora-clang, r-devel-linux-x86_64-fedora-gcc, r-devel-windows-x86_64, r-patched-linux-x86_64, r-release-linux-x86_64, r-release-macos-arm64, r-release-macos-x86_64, r-release-windows-x86_64