Last updated on 2025-02-02 05:48:19 CET.
Flavor | Version | Tinstall | Tcheck | Ttotal | Status | Flags |
---|---|---|---|---|---|---|
r-devel-linux-x86_64-debian-clang | 1.1 | 30.15 | 262.25 | 292.40 | OK | |
r-devel-linux-x86_64-debian-gcc | 1.1 | 22.53 | 182.56 | 205.09 | OK | |
r-devel-linux-x86_64-fedora-clang | 1.1 | 488.41 | OK | |||
r-devel-linux-x86_64-fedora-gcc | 1.1 | 467.14 | OK | |||
r-devel-windows-x86_64 | 1.1 | 31.00 | 237.00 | 268.00 | OK | |
r-patched-linux-x86_64 | 1.1 | 29.38 | 241.14 | 270.52 | OK | |
r-release-linux-x86_64 | 1.1 | 25.91 | 243.63 | 269.54 | OK | |
r-release-macos-arm64 | 1.1 | 122.00 | OK | |||
r-release-macos-x86_64 | 1.1 | 197.00 | OK | |||
r-release-windows-x86_64 | 1.1 | 31.00 | 237.00 | 268.00 | OK | |
r-oldrel-macos-arm64 | 1.1 | 139.00 | NOTE | |||
r-oldrel-macos-x86_64 | 1.1 | 250.00 | NOTE | |||
r-oldrel-windows-x86_64 | 1.1 | 6.00 | 8.00 | 14.00 | ERROR |
Version: 1.1
Check: package dependencies
Result: NOTE
Package suggested but not available for checking: ‘ArrayExpress’
Flavors: r-oldrel-macos-arm64, r-oldrel-macos-x86_64
Version: 1.1
Check: whether package can be installed
Result: ERROR
Installation failed.
Flavor: r-oldrel-windows-x86_64