Last updated on 2024-08-06 05:49:18 CEST.
Flavor | Version | Tinstall | Tcheck | Ttotal | Status | Flags |
---|---|---|---|---|---|---|
r-devel-linux-x86_64-debian-clang | 1.0.1 | 40.45 | 49.97 | 90.42 | OK | |
r-devel-linux-x86_64-debian-gcc | 1.0.1 | 33.57 | 29.90 | 63.47 | OK | |
r-devel-linux-x86_64-fedora-clang | 1.0.1 | 122.27 | NOTE | |||
r-devel-linux-x86_64-fedora-gcc | 1.0.1 | 118.13 | OK | |||
r-devel-windows-x86_64 | 1.0.1 | 40.00 | 57.00 | 97.00 | NOTE | |
r-patched-linux-x86_64 | 1.0.1 | 37.10 | 37.95 | 75.05 | OK | |
r-release-linux-x86_64 | 1.0.1 | 42.94 | 47.33 | 90.27 | OK | |
r-release-macos-arm64 | 1.0.1 | 53.00 | NOTE | |||
r-release-macos-x86_64 | 1.0.1 | 71.00 | NOTE | |||
r-release-windows-x86_64 | 1.0.1 | 42.00 | 58.00 | 100.00 | NOTE | |
r-oldrel-macos-arm64 | 1.0.1 | 55.00 | NOTE | |||
r-oldrel-macos-x86_64 | 1.0.1 | 78.00 | NOTE | |||
r-oldrel-windows-x86_64 | 1.0.1 | 49.00 | 61.00 | 110.00 | NOTE |
Version: 1.0.1
Check: installed package size
Result: NOTE
installed size is 5.4Mb
sub-directories of 1Mb or more:
data 5.3Mb
Flavors: r-devel-linux-x86_64-fedora-clang, r-devel-windows-x86_64, r-release-macos-arm64, r-release-macos-x86_64, r-release-windows-x86_64, r-oldrel-macos-arm64, r-oldrel-macos-x86_64, r-oldrel-windows-x86_64