CRAN Package Check Results for Package apc

Last updated on 2025-02-02 05:48:18 CET.

Flavor Version Tinstall Tcheck Ttotal Status Flags
r-devel-linux-x86_64-debian-clang 2.0.0 18.73 411.16 429.89 NOTE
r-devel-linux-x86_64-debian-gcc 2.0.0 12.46 285.69 298.15 NOTE
r-devel-linux-x86_64-fedora-clang 2.0.0 662.72 NOTE
r-devel-linux-x86_64-fedora-gcc 2.0.0 724.75 NOTE
r-devel-windows-x86_64 2.0.0 21.00 482.00 503.00 NOTE
r-patched-linux-x86_64 2.0.0 25.62 430.37 455.99 NOTE
r-release-linux-x86_64 2.0.0 17.84 430.93 448.77 NOTE
r-release-macos-arm64 2.0.0 223.00 NOTE
r-release-macos-x86_64 2.0.0 422.00 NOTE
r-release-windows-x86_64 2.0.0 19.00 494.00 513.00 NOTE
r-oldrel-macos-arm64 2.0.0 439.00 OK
r-oldrel-macos-x86_64 2.0.0 724.00 OK
r-oldrel-windows-x86_64 2.0.0 26.00 607.00 633.00 OK

Check Details

Version: 2.0.0
Check: Rd files
Result: NOTE checkRd: (-1) apc.indiv.est.model.Rd:142: Lost braces 142 | For model testing: \code{\link{apc.indiv.model.table}}, code{\link{apc.indiv.compare.direct}}, \code{\link{waldtest}}, \code{\link{linearHypothesis}} | ^ Flavors: r-devel-linux-x86_64-debian-clang, r-devel-linux-x86_64-debian-gcc, r-devel-linux-x86_64-fedora-clang, r-devel-linux-x86_64-fedora-gcc, r-devel-windows-x86_64, r-patched-linux-x86_64, r-release-linux-x86_64, r-release-macos-arm64, r-release-macos-x86_64, r-release-windows-x86_64

Version: 2.0.0
Check: Rd cross-references
Result: NOTE Found the following Rd file(s) with Rd \link{} targets missing package anchors: apc.indiv.compare.direct.Rd: plm apc.indiv.est.model.Rd: plm, svyglm, waldtest, linearHypothesis apc.indiv.model.table.Rd: plm, waldtest, linearHypothesis apc.plot.data.level.Rd: levelplot, lattice apc.plot.fit.residuals.Rd: levelplot, lattice Please provide package anchors for all Rd \link{} targets not in the package itself and the base packages. Flavors: r-devel-linux-x86_64-debian-clang, r-devel-linux-x86_64-debian-gcc, r-devel-windows-x86_64

Version: 2.0.0
Check: dependencies in R code
Result: NOTE Namespaces in Imports field not imported from: ‘AER’ ‘ChainLadder’ ‘ISLR’ ‘ggplot2’ All declared Imports should be used. Flavors: r-devel-linux-x86_64-fedora-clang, r-devel-linux-x86_64-fedora-gcc