Last updated on 2024-08-16 05:48:16 CEST.
Flavor | Version | Tinstall | Tcheck | Ttotal | Status | Flags |
---|---|---|---|---|---|---|
r-devel-linux-x86_64-debian-clang | 0.3.9 | 18.45 | 30.87 | 49.32 | NOTE | |
r-devel-linux-x86_64-debian-gcc | 0.3.9 | 14.73 | 24.46 | 39.19 | NOTE | |
r-devel-linux-x86_64-fedora-clang | 0.3.9 | 83.57 | NOTE | |||
r-devel-linux-x86_64-fedora-gcc | 0.3.9 | 101.92 | NOTE | |||
r-devel-windows-x86_64 | 0.3.9 | 23.00 | 81.00 | 104.00 | NOTE | |
r-patched-linux-x86_64 | 0.3.9 | 17.90 | 29.56 | 47.46 | NOTE | |
r-release-linux-x86_64 | 0.3.9 | 19.18 | 29.94 | 49.12 | NOTE | |
r-release-macos-arm64 | 0.3.9 | 34.00 | NOTE | |||
r-release-macos-x86_64 | 0.3.9 | 50.00 | NOTE | |||
r-release-windows-x86_64 | 0.3.9 | 26.00 | 82.00 | 108.00 | NOTE | |
r-oldrel-macos-arm64 | 0.3.9 | 38.00 | NOTE | |||
r-oldrel-macos-x86_64 | 0.3.9 | 57.00 | NOTE | |||
r-oldrel-windows-x86_64 | 0.3.9 | 27.00 | 85.00 | 112.00 | NOTE |
Version: 0.3.9
Check: C++ specification
Result: NOTE
Specified C++11: please drop specification unless essential
Flavors: r-devel-linux-x86_64-debian-clang, r-devel-linux-x86_64-debian-gcc, r-devel-linux-x86_64-fedora-clang, r-devel-linux-x86_64-fedora-gcc, r-devel-windows-x86_64, r-patched-linux-x86_64, r-release-linux-x86_64, r-release-macos-arm64, r-release-macos-x86_64, r-release-windows-x86_64, r-oldrel-macos-arm64, r-oldrel-macos-x86_64, r-oldrel-windows-x86_64