Last updated on 2024-06-30 05:53:03 CEST.
Flavor | Version | Tinstall | Tcheck | Ttotal | Status | Flags |
---|---|---|---|---|---|---|
r-devel-linux-x86_64-debian-clang | 0.7.5.6 | 9.41 | 104.64 | 114.05 | NOTE | |
r-devel-linux-x86_64-debian-gcc | 0.7.5.6 | 8.40 | 78.27 | 86.67 | NOTE | |
r-devel-linux-x86_64-fedora-clang | 0.7.5.6 | 145.84 | NOTE | |||
r-devel-linux-x86_64-fedora-gcc | 0.7.5.6 | 157.94 | NOTE | |||
r-devel-windows-x86_64 | 0.7.5.6 | 10.00 | 164.00 | 174.00 | NOTE | |
r-patched-linux-x86_64 | 0.7.5.6 | 10.03 | 100.56 | 110.59 | NOTE | |
r-release-linux-x86_64 | 0.7.5.6 | 6.88 | 99.44 | 106.32 | NOTE | |
r-release-macos-arm64 | 0.7.5.6 | 49.00 | NOTE | |||
r-release-macos-x86_64 | 0.7.5.6 | 74.00 | NOTE | |||
r-release-windows-x86_64 | 0.7.5.6 | 10.00 | 162.00 | 172.00 | NOTE | |
r-oldrel-macos-arm64 | 0.7.5.6 | 49.00 | OK | |||
r-oldrel-macos-x86_64 | 0.7.5.6 | 82.00 | OK | |||
r-oldrel-windows-x86_64 | 0.7.5.6 | 13.00 | 145.00 | 158.00 | OK |
Version: 0.7.5.6
Check: Rd files
Result: NOTE
checkRd: (-1) concat.Rd:35: Lost braces; missing escapes or markup?
35 | \item{index_unique}{Whether to make the index unique by using the keys. If provided, this is the delimeter between "{orig_idx}{index_unique}{key}". When \code{NULL}, the original indices are kept.}
| ^
checkRd: (-1) concat.Rd:35: Lost braces
35 | \item{index_unique}{Whether to make the index unique by using the keys. If provided, this is the delimeter between "{orig_idx}{index_unique}{key}". When \code{NULL}, the original indices are kept.}
| ^
checkRd: (-1) concat.Rd:35: Lost braces
35 | \item{index_unique}{Whether to make the index unique by using the keys. If provided, this is the delimeter between "{orig_idx}{index_unique}{key}". When \code{NULL}, the original indices are kept.}
| ^
Flavors: r-devel-linux-x86_64-debian-clang, r-devel-linux-x86_64-debian-gcc, r-devel-linux-x86_64-fedora-clang, r-devel-linux-x86_64-fedora-gcc, r-devel-windows-x86_64, r-patched-linux-x86_64, r-release-linux-x86_64, r-release-macos-arm64, r-release-macos-x86_64, r-release-windows-x86_64