Last updated on 2025-02-09 06:49:36 CET.
Flavor | Version | Tinstall | Tcheck | Ttotal | Status | Flags |
---|---|---|---|---|---|---|
r-devel-linux-x86_64-debian-clang | 0.2.1 | 5.05 | 29.90 | 34.95 | OK | |
r-devel-linux-x86_64-debian-gcc | 0.2.1 | 3.71 | 21.79 | 25.50 | OK | |
r-devel-linux-x86_64-fedora-clang | 0.2.1 | 57.34 | OK | |||
r-devel-linux-x86_64-fedora-gcc | 0.2.1 | 56.73 | OK | |||
r-devel-windows-x86_64 | 0.2.1 | 6.00 | 51.00 | 57.00 | OK | |
r-patched-linux-x86_64 | 0.2.1 | 5.17 | 27.83 | 33.00 | NOTE | |
r-release-linux-x86_64 | 0.2.1 | 4.95 | 27.84 | 32.79 | NOTE | |
r-release-macos-arm64 | 0.2.1 | 19.00 | NOTE | |||
r-release-macos-x86_64 | 0.2.1 | 42.00 | NOTE | |||
r-release-windows-x86_64 | 0.2.1 | 6.00 | 51.00 | 57.00 | NOTE | |
r-oldrel-macos-arm64 | 0.2.1 | 21.00 | NOTE | |||
r-oldrel-macos-x86_64 | 0.2.1 | 29.00 | NOTE | |||
r-oldrel-windows-x86_64 | 0.2.1 | 7.00 | 53.00 | 60.00 | NOTE |
Version: 0.2.1
Check: LazyData
Result: NOTE
'LazyData' is specified without a 'data' directory
Flavors: r-patched-linux-x86_64, r-release-linux-x86_64, r-release-macos-arm64, r-release-macos-x86_64, r-release-windows-x86_64, r-oldrel-macos-arm64, r-oldrel-macos-x86_64, r-oldrel-windows-x86_64
Version: 0.2.1
Check: package dependencies
Result: NOTE
Packages suggested but not available for checking: 'fBasics', 'Rmpfr'
Flavor: r-oldrel-macos-x86_64