Last updated on 2024-08-16 05:48:15 CEST.
Flavor | Version | Tinstall | Tcheck | Ttotal | Status | Flags |
---|---|---|---|---|---|---|
r-devel-linux-x86_64-debian-clang | 0.35 | 7.78 | 54.49 | 62.27 | NOTE | |
r-devel-linux-x86_64-debian-gcc | 0.35 | 4.99 | 36.40 | 41.39 | NOTE | |
r-devel-linux-x86_64-fedora-clang | 0.35 | 101.05 | NOTE | |||
r-devel-linux-x86_64-fedora-gcc | 0.35 | 95.25 | NOTE | |||
r-devel-windows-x86_64 | 0.35 | 10.00 | 81.00 | 91.00 | NOTE | |
r-patched-linux-x86_64 | 0.35 | 7.25 | 52.03 | 59.28 | OK | |
r-release-linux-x86_64 | 0.35 | 5.73 | 52.14 | 57.87 | OK | |
r-release-macos-arm64 | 0.35 | 29.00 | OK | |||
r-release-macos-x86_64 | 0.35 | 45.00 | OK | |||
r-release-windows-x86_64 | 0.35 | 12.00 | 81.00 | 93.00 | OK | |
r-oldrel-macos-arm64 | 0.35 | 50.00 | OK | |||
r-oldrel-macos-x86_64 | 0.35 | 107.00 | OK | |||
r-oldrel-windows-x86_64 | 0.35 | 11.00 | 92.00 | 103.00 | OK |
Version: 0.35
Check: compiled code
Result: NOTE
File ‘admisc/libs/admisc.so’:
Found non-API calls to R: ‘ENVFLAGS’, ‘SET_ENVFLAGS’
Compiled code should not call non-API entry points in R.
See ‘Writing portable packages’ in the ‘Writing R Extensions’ manual,
and section ‘Moving into C API compliance’ for issues with the use of
non-API entry points.
Flavors: r-devel-linux-x86_64-debian-clang, r-devel-linux-x86_64-debian-gcc, r-devel-linux-x86_64-fedora-clang, r-devel-linux-x86_64-fedora-gcc
Version: 0.35
Check: compiled code
Result: NOTE
File 'admisc/libs/x64/admisc.dll':
Found non-API calls to R: 'ENVFLAGS', 'SET_ENVFLAGS'
Compiled code should not call non-API entry points in R.
See 'Writing portable packages' in the 'Writing R Extensions' manual,
and section 'Moving into C API compliance' for issues with the use of
non-API entry points.
Flavor: r-devel-windows-x86_64