Last updated on 2024-08-07 05:49:57 CEST.
Flavor | Version | Tinstall | Tcheck | Ttotal | Status | Flags |
---|---|---|---|---|---|---|
r-devel-linux-x86_64-debian-clang | 0.2.0 | 7.16 | 90.77 | 97.93 | ERROR | |
r-devel-linux-x86_64-debian-gcc | 0.2.0 | 5.22 | 69.07 | 74.29 | ERROR | |
r-devel-linux-x86_64-fedora-clang | 0.2.0 | 166.17 | ERROR | |||
r-devel-linux-x86_64-fedora-gcc | 0.2.0 | 165.48 | ERROR | |||
r-devel-windows-x86_64 | 0.2.0 | 8.00 | 104.00 | 112.00 | ERROR | |
r-patched-linux-x86_64 | 0.2.0 | 7.26 | 88.66 | 95.92 | ERROR | |
r-release-linux-x86_64 | 0.2.0 | 6.67 | 87.67 | 94.34 | ERROR | |
r-release-macos-arm64 | 0.2.0 | 53.00 | OK | |||
r-release-macos-x86_64 | 0.2.0 | 77.00 | OK | |||
r-release-windows-x86_64 | 0.2.0 | 8.00 | 104.00 | 112.00 | ERROR | |
r-oldrel-macos-arm64 | 0.2.0 | 49.00 | OK | |||
r-oldrel-macos-x86_64 | 0.2.0 | 111.00 | OK | |||
r-oldrel-windows-x86_64 | 0.2.0 | 10.00 | 124.00 | 134.00 | ERROR |
Version: 0.2.0
Check: tests
Result: ERROR
Running ‘testthat.R’ [7s/10s]
Running the tests in ‘tests/testthat.R’ failed.
Complete output:
> library(testthat)
> library(admiralvaccine)
>
> test_check("admiralvaccine")
[1] "VAX01DT"
[1] "VAX02DT"
[1] "VAX03DT"
[ FAIL 1 | WARN 1 | SKIP 0 | PASS 35 ]
══ Failed tests ════════════════════════════════════════════════════════════════
── Failure ('test-derive_vars_merged_vaccine.R:165:3'): derive_vars_merged_vaccine Test 2: Check if supp datasets merged
properly if they exist ──
Differences found between the objects!
A summary is given below.
There are columns in BASE that are not in COMPARE !!
All rows are shown in table below
==========
COLUMNS
----------
IDVARVAL
----------
[ FAIL 1 | WARN 1 | SKIP 0 | PASS 35 ]
Error: Test failures
Execution halted
Flavor: r-devel-linux-x86_64-debian-clang
Version: 0.2.0
Check: tests
Result: ERROR
Running ‘testthat.R’ [6s/8s]
Running the tests in ‘tests/testthat.R’ failed.
Complete output:
> library(testthat)
> library(admiralvaccine)
>
> test_check("admiralvaccine")
[1] "VAX01DT"
[1] "VAX02DT"
[1] "VAX03DT"
[ FAIL 1 | WARN 1 | SKIP 0 | PASS 35 ]
══ Failed tests ════════════════════════════════════════════════════════════════
── Failure ('test-derive_vars_merged_vaccine.R:165:3'): derive_vars_merged_vaccine Test 2: Check if supp datasets merged
properly if they exist ──
Differences found between the objects!
A summary is given below.
There are columns in BASE that are not in COMPARE !!
All rows are shown in table below
==========
COLUMNS
----------
IDVARVAL
----------
[ FAIL 1 | WARN 1 | SKIP 0 | PASS 35 ]
Error: Test failures
Execution halted
Flavor: r-devel-linux-x86_64-debian-gcc
Version: 0.2.0
Check: tests
Result: ERROR
Running ‘testthat.R’ [12s/14s]
Running the tests in ‘tests/testthat.R’ failed.
Complete output:
> library(testthat)
> library(admiralvaccine)
>
> test_check("admiralvaccine")
[1] "VAX01DT"
[1] "VAX02DT"
[1] "VAX03DT"
[ FAIL 1 | WARN 1 | SKIP 0 | PASS 35 ]
══ Failed tests ════════════════════════════════════════════════════════════════
── Failure ('test-derive_vars_merged_vaccine.R:165:3'): derive_vars_merged_vaccine Test 2: Check if supp datasets merged
properly if they exist ──
Differences found between the objects!
A summary is given below.
There are columns in BASE that are not in COMPARE !!
All rows are shown in table below
==========
COLUMNS
----------
IDVARVAL
----------
[ FAIL 1 | WARN 1 | SKIP 0 | PASS 35 ]
Error: Test failures
Execution halted
Flavors: r-devel-linux-x86_64-fedora-clang, r-devel-linux-x86_64-fedora-gcc
Version: 0.2.0
Check: tests
Result: ERROR
Running 'testthat.R' [6s]
Running the tests in 'tests/testthat.R' failed.
Complete output:
> library(testthat)
> library(admiralvaccine)
>
> test_check("admiralvaccine")
[1] "VAX01DT"
[1] "VAX02DT"
[1] "VAX03DT"
[ FAIL 1 | WARN 1 | SKIP 0 | PASS 35 ]
══ Failed tests ════════════════════════════════════════════════════════════════
── Failure ('test-derive_vars_merged_vaccine.R:165:3'): derive_vars_merged_vaccine Test 2: Check if supp datasets merged
properly if they exist ──
Differences found between the objects!
A summary is given below.
There are columns in BASE that are not in COMPARE !!
All rows are shown in table below
==========
COLUMNS
----------
IDVARVAL
----------
[ FAIL 1 | WARN 1 | SKIP 0 | PASS 35 ]
Error: Test failures
Execution halted
Flavors: r-devel-windows-x86_64, r-release-windows-x86_64
Version: 0.2.0
Check: tests
Result: ERROR
Running ‘testthat.R’ [7s/8s]
Running the tests in ‘tests/testthat.R’ failed.
Complete output:
> library(testthat)
> library(admiralvaccine)
>
> test_check("admiralvaccine")
[1] "VAX01DT"
[1] "VAX02DT"
[1] "VAX03DT"
[ FAIL 1 | WARN 1 | SKIP 0 | PASS 35 ]
══ Failed tests ════════════════════════════════════════════════════════════════
── Failure ('test-derive_vars_merged_vaccine.R:165:3'): derive_vars_merged_vaccine Test 2: Check if supp datasets merged
properly if they exist ──
Differences found between the objects!
A summary is given below.
There are columns in BASE that are not in COMPARE !!
All rows are shown in table below
==========
COLUMNS
----------
IDVARVAL
----------
[ FAIL 1 | WARN 1 | SKIP 0 | PASS 35 ]
Error: Test failures
Execution halted
Flavor: r-patched-linux-x86_64
Version: 0.2.0
Check: tests
Result: ERROR
Running ‘testthat.R’ [7s/9s]
Running the tests in ‘tests/testthat.R’ failed.
Complete output:
> library(testthat)
> library(admiralvaccine)
>
> test_check("admiralvaccine")
[1] "VAX01DT"
[1] "VAX02DT"
[1] "VAX03DT"
[ FAIL 1 | WARN 1 | SKIP 0 | PASS 35 ]
══ Failed tests ════════════════════════════════════════════════════════════════
── Failure ('test-derive_vars_merged_vaccine.R:165:3'): derive_vars_merged_vaccine Test 2: Check if supp datasets merged
properly if they exist ──
Differences found between the objects!
A summary is given below.
There are columns in BASE that are not in COMPARE !!
All rows are shown in table below
==========
COLUMNS
----------
IDVARVAL
----------
[ FAIL 1 | WARN 1 | SKIP 0 | PASS 35 ]
Error: Test failures
Execution halted
Flavor: r-release-linux-x86_64
Version: 0.2.0
Check: tests
Result: ERROR
Running 'testthat.R' [8s]
Running the tests in 'tests/testthat.R' failed.
Complete output:
> library(testthat)
> library(admiralvaccine)
>
> test_check("admiralvaccine")
[1] "VAX01DT"
[1] "VAX02DT"
[1] "VAX03DT"
[ FAIL 1 | WARN 1 | SKIP 0 | PASS 35 ]
══ Failed tests ════════════════════════════════════════════════════════════════
── Failure ('test-derive_vars_merged_vaccine.R:165:3'): derive_vars_merged_vaccine Test 2: Check if supp datasets merged
properly if they exist ──
Differences found between the objects!
A summary is given below.
There are columns in BASE that are not in COMPARE !!
All rows are shown in table below
==========
COLUMNS
----------
IDVARVAL
----------
[ FAIL 1 | WARN 1 | SKIP 0 | PASS 35 ]
Error: Test failures
Execution halted
Flavor: r-oldrel-windows-x86_64