Last updated on 2024-08-06 05:49:17 CEST.
Flavor | Version | Tinstall | Tcheck | Ttotal | Status | Flags |
---|---|---|---|---|---|---|
r-devel-linux-x86_64-debian-clang | 1.1.1 | 19.80 | 621.57 | 641.37 | OK | |
r-devel-linux-x86_64-debian-gcc | 1.1.1 | 10.43 | 316.50 | 326.93 | OK | |
r-devel-linux-x86_64-fedora-clang | 1.1.1 | 782.80 | NOTE | |||
r-devel-linux-x86_64-fedora-gcc | 1.1.1 | 763.31 | NOTE | |||
r-devel-windows-x86_64 | 1.1.1 | 20.00 | 454.00 | 474.00 | OK | |
r-patched-linux-x86_64 | 1.1.1 | 22.74 | 451.32 | 474.06 | OK | |
r-release-linux-x86_64 | 1.1.1 | 17.17 | 585.28 | 602.45 | OK | |
r-release-macos-arm64 | 1.1.1 | 236.00 | OK | |||
r-release-macos-x86_64 | 1.1.1 | 604.00 | OK | |||
r-release-windows-x86_64 | 1.1.1 | 19.00 | 450.00 | 469.00 | OK | |
r-oldrel-macos-arm64 | 1.1.1 | 302.00 | ERROR | |||
r-oldrel-macos-x86_64 | 1.1.1 | 541.00 | ERROR | |||
r-oldrel-windows-x86_64 | 1.1.1 | 24.00 | 594.00 | 618.00 | OK |
Version: 1.1.1
Check: data for non-ASCII characters
Result: NOTE
Note: found 12 marked UTF-8 strings
Flavors: r-devel-linux-x86_64-fedora-clang, r-devel-linux-x86_64-fedora-gcc
Version: 1.1.1
Check: running R code from vignettes
Result: ERROR
Errors in running code in vignettes:
when running code in ‘concepts_conventions.Rmd’
...
> adcm
STUDYID USUBJID CMTRT
1 XXX XXX-1 ASPIRIN
> adcm %>% select(get_admiral_option("subject_keys"))
When sourcing ‘concepts_conventions.R’:
Error: Can't select columns with `get_admiral_option("subject_keys")`.
✖ `get_admiral_option("subject_keys")` must be numeric or character, not a list.
Execution halted
‘adsl.Rmd’ using ‘UTF-8’... [5s/5s] OK
‘bds_exposure.Rmd’ using ‘UTF-8’... [2s/2s] OK
‘bds_finding.Rmd’ using ‘UTF-8’... [4s/5s] OK
‘bds_tte.Rmd’ using ‘UTF-8’... [4s/6s] OK
‘concepts_conventions.Rmd’ using ‘UTF-8’... failed
‘generic.Rmd’ using ‘UTF-8’... [3s/4s] OK
‘higher_order.Rmd’ using ‘UTF-8’... [3s/4s] OK
‘hys_law.Rmd’ using ‘UTF-8’... [1s/2s] OK
‘imputation.Rmd’ using ‘UTF-8’... [1s/2s] OK
‘lab_grading.Rmd’ using ‘UTF-8’... [2s/3s] OK
‘occds.Rmd’ using ‘UTF-8’... [2s/4s] OK
‘pk_adnca.Rmd’ using ‘UTF-8’... [4s/7s] OK
‘queries_dataset.Rmd’ using ‘UTF-8’... [1s/1s] OK
‘questionnaires.Rmd’ using ‘UTF-8’... [3s/5s] OK
‘visits_periods.Rmd’ using ‘UTF-8’... [2s/2s] OK
Flavor: r-oldrel-macos-arm64
Version: 1.1.1
Check: running R code from vignettes
Result: ERROR
Errors in running code in vignettes:
when running code in ‘concepts_conventions.Rmd’
...
> adcm
STUDYID USUBJID CMTRT
1 XXX XXX-1 ASPIRIN
> adcm %>% select(get_admiral_option("subject_keys"))
When sourcing ‘concepts_conventions.R’:
Error: Can't select columns with `get_admiral_option("subject_keys")`.
✖ `get_admiral_option("subject_keys")` must be numeric or character, not a list.
Execution halted
‘adsl.Rmd’ using ‘UTF-8’... [8s/11s] OK
‘bds_exposure.Rmd’ using ‘UTF-8’... [3s/5s] OK
‘bds_finding.Rmd’ using ‘UTF-8’... [6s/8s] OK
‘bds_tte.Rmd’ using ‘UTF-8’... [7s/10s] OK
‘concepts_conventions.Rmd’ using ‘UTF-8’... failed
‘generic.Rmd’ using ‘UTF-8’... [5s/7s] OK
‘higher_order.Rmd’ using ‘UTF-8’... [5s/8s] OK
‘hys_law.Rmd’ using ‘UTF-8’... [2s/3s] OK
‘imputation.Rmd’ using ‘UTF-8’... [2s/3s] OK
‘lab_grading.Rmd’ using ‘UTF-8’... [3s/4s] OK
‘occds.Rmd’ using ‘UTF-8’... [4s/6s] OK
‘pk_adnca.Rmd’ using ‘UTF-8’... [7s/10s] OK
‘queries_dataset.Rmd’ using ‘UTF-8’... [1s/2s] OK
‘questionnaires.Rmd’ using ‘UTF-8’... [5s/8s] OK
‘visits_periods.Rmd’ using ‘UTF-8’... [3s/5s] OK
Flavor: r-oldrel-macos-x86_64