Last updated on 2025-02-03 05:49:01 CET.
Flavor | Version | Tinstall | Tcheck | Ttotal | Status | Flags |
---|---|---|---|---|---|---|
r-devel-linux-x86_64-debian-clang | 1.2.1 | 13.25 | 94.05 | 107.30 | OK | |
r-devel-linux-x86_64-debian-gcc | 1.2.1 | 8.87 | 78.05 | 86.92 | OK | |
r-devel-linux-x86_64-fedora-clang | 1.2.1 | 173.92 | OK | |||
r-devel-linux-x86_64-fedora-gcc | 1.2.1 | 157.70 | OK | |||
r-devel-windows-x86_64 | 1.2.1 | 14.00 | 112.00 | 126.00 | OK | |
r-patched-linux-x86_64 | 1.2.1 | 14.19 | 88.92 | 103.11 | NOTE | |
r-release-linux-x86_64 | 1.2.1 | 11.99 | 88.76 | 100.75 | NOTE | |
r-release-macos-arm64 | 1.2.1 | 45.00 | NOTE | |||
r-release-macos-x86_64 | 1.2.1 | 66.00 | NOTE | |||
r-release-windows-x86_64 | 1.2.1 | 14.00 | 112.00 | 126.00 | NOTE | |
r-oldrel-macos-arm64 | 1.2.1 | 47.00 | NOTE | |||
r-oldrel-macos-x86_64 | 1.2.1 | 72.00 | NOTE | |||
r-oldrel-windows-x86_64 | 1.2.1 | 18.00 | 138.00 | 156.00 | NOTE |
Version: 1.2.1
Check: LazyData
Result: NOTE
'LazyData' is specified without a 'data' directory
Flavors: r-patched-linux-x86_64, r-release-linux-x86_64, r-release-macos-arm64, r-release-macos-x86_64, r-release-windows-x86_64, r-oldrel-macos-arm64, r-oldrel-macos-x86_64, r-oldrel-windows-x86_64