Last updated on 2024-07-13 05:49:30 CEST.
Flavor | Version | Tinstall | Tcheck | Ttotal | Status | Flags |
---|---|---|---|---|---|---|
r-devel-linux-x86_64-debian-clang | 1.1.4 | 28.23 | 409.72 | 437.95 | OK | |
r-devel-linux-x86_64-debian-gcc | 1.1.4 | 21.48 | 288.07 | 309.55 | OK | |
r-devel-linux-x86_64-fedora-clang | 1.1.4 | 531.52 | NOTE | |||
r-devel-linux-x86_64-fedora-gcc | 1.1.4 | 505.19 | OK | |||
r-devel-windows-x86_64 | 1.1.4 | 23.00 | 290.00 | 313.00 | NOTE | |
r-patched-linux-x86_64 | 1.1.4 | 20.87 | 378.43 | 399.30 | OK | |
r-release-linux-x86_64 | 1.1.4 | 17.19 | 383.56 | 400.75 | OK | |
r-release-macos-arm64 | 1.1.4 | 144.00 | NOTE | |||
r-release-macos-x86_64 | 1.1.4 | 213.00 | NOTE | |||
r-release-windows-x86_64 | 1.1.4 | 22.00 | 290.00 | 312.00 | NOTE | |
r-oldrel-macos-arm64 | 1.1.4 | 149.00 | NOTE | |||
r-oldrel-macos-x86_64 | 1.1.4 | 314.00 | NOTE | |||
r-oldrel-windows-x86_64 | 1.1.4 | 31.00 | 379.00 | 410.00 | NOTE |
Version: 1.1.4
Check: installed package size
Result: NOTE
installed size is 5.4Mb
sub-directories of 1Mb or more:
doc 4.3Mb
Flavors: r-devel-linux-x86_64-fedora-clang, r-devel-windows-x86_64, r-release-macos-arm64, r-release-macos-x86_64, r-release-windows-x86_64, r-oldrel-macos-arm64, r-oldrel-macos-x86_64, r-oldrel-windows-x86_64