Last updated on 2024-06-30 05:53:22 CEST.
Flavor | Version | Tinstall | Tcheck | Ttotal | Status | Flags |
---|---|---|---|---|---|---|
r-devel-linux-x86_64-debian-clang | 0.1.2 | 4.25 | 36.81 | 41.06 | NOTE | |
r-devel-linux-x86_64-debian-gcc | 0.1.2 | 3.51 | 28.51 | 32.02 | NOTE | |
r-devel-linux-x86_64-fedora-clang | 0.1.2 | 52.43 | NOTE | |||
r-devel-linux-x86_64-fedora-gcc | 0.1.2 | 49.14 | NOTE | |||
r-devel-windows-x86_64 | 0.1.2 | 6.00 | 87.00 | 93.00 | NOTE | |
r-patched-linux-x86_64 | 0.1.2 | 5.06 | 35.94 | 41.00 | NOTE | |
r-release-linux-x86_64 | 0.1.2 | 2.89 | 36.58 | 39.47 | NOTE | |
r-release-macos-arm64 | 0.1.2 | 19.00 | NOTE | |||
r-release-macos-x86_64 | 0.1.2 | 28.00 | NOTE | |||
r-release-windows-x86_64 | 0.1.2 | 6.00 | 52.00 | 58.00 | NOTE | |
r-oldrel-macos-arm64 | 0.1.2 | 21.00 | OK | |||
r-oldrel-macos-x86_64 | 0.1.2 | 28.00 | OK | |||
r-oldrel-windows-x86_64 | 0.1.2 | 7.00 | 57.00 | 64.00 | OK |
Version: 0.1.2
Check: Rd files
Result: NOTE
checkRd: (-1) fit_stm.Rd:25: Lost braces
25 | \item{xcov}{Either a \[stats]{formula} with an empty left-hand side specifying external covariates
| ^
Flavors: r-devel-linux-x86_64-debian-clang, r-devel-linux-x86_64-debian-gcc, r-devel-linux-x86_64-fedora-clang, r-devel-linux-x86_64-fedora-gcc, r-devel-windows-x86_64, r-patched-linux-x86_64, r-release-linux-x86_64, r-release-macos-arm64, r-release-macos-x86_64, r-release-windows-x86_64