Last updated on 2024-06-30 05:53:21 CEST.
Flavor | Version | Tinstall | Tcheck | Ttotal | Status | Flags |
---|---|---|---|---|---|---|
r-devel-linux-x86_64-debian-clang | 1.0.2 | 209.93 | 229.02 | 438.95 | NOTE | |
r-devel-linux-x86_64-debian-gcc | 1.0.2 | 179.79 | 177.44 | 357.23 | NOTE | |
r-devel-linux-x86_64-fedora-clang | 1.0.2 | 545.67 | NOTE | |||
r-devel-linux-x86_64-fedora-gcc | 1.0.2 | 664.87 | NOTE | |||
r-devel-windows-x86_64 | 1.0.2 | 165.00 | 211.00 | 376.00 | NOTE | |
r-patched-linux-x86_64 | 1.0.2 | 0.02 | 2.55 | 2.57 | ERROR | |
r-release-linux-x86_64 | 1.0.2 | 164.70 | 239.62 | 404.32 | NOTE | |
r-release-macos-arm64 | 1.0.2 | 145.00 | NOTE | |||
r-release-macos-x86_64 | 1.0.2 | 219.00 | NOTE | |||
r-release-windows-x86_64 | 1.0.2 | 159.00 | 207.00 | 366.00 | NOTE | |
r-oldrel-macos-arm64 | 1.0.2 | 249.00 | NOTE | |||
r-oldrel-macos-x86_64 | 1.0.2 | 451.00 | NOTE | |||
r-oldrel-windows-x86_64 | 1.0.2 | 223.00 | 256.00 | 479.00 | NOTE |
Version: 1.0.2
Check: Rd files
Result: NOTE
checkRd: (-1) coef.tridim_transformation.Rd:31: Lost braces
31 | If summary=TRUE, a data.frame with columns "dv{index}" with mean for each dependent
| ^
checkRd: (-1) coef.tridim_transformation.Rd:32: Lost braces
32 | variable plus optional quantiles columns with names "dv{index}_{quantile}".
| ^
checkRd: (-1) coef.tridim_transformation.Rd:32: Lost braces; missing escapes or markup?
32 | variable plus optional quantiles columns with names "dv{index}_{quantile}".
| ^
checkRd: (-1) predict.tridim_transformation.Rd:24: Lost braces
24 | If summary=TRUE, a data.frame with columns "dv{index}" with mean for each dependent
| ^
checkRd: (-1) predict.tridim_transformation.Rd:25: Lost braces
25 | variable plus optional quantiles columns with names "dv{index}_{quantile}".
| ^
checkRd: (-1) predict.tridim_transformation.Rd:25: Lost braces; missing escapes or markup?
25 | variable plus optional quantiles columns with names "dv{index}_{quantile}".
| ^
checkRd: (-1) variable_summary.Rd:18: Lost braces; missing escapes or markup?
18 | data.frame with "{var_name}" column for the mean and
| ^
checkRd: (-1) variable_summary.Rd:19: Lost braces; missing escapes or markup?
19 | "{var_name}_{prob}" columns for each probability.
| ^
checkRd: (-1) variable_summary.Rd:19: Lost braces; missing escapes or markup?
19 | "{var_name}_{prob}" columns for each probability.
| ^
Flavors: r-devel-linux-x86_64-debian-clang, r-devel-linux-x86_64-debian-gcc, r-devel-linux-x86_64-fedora-clang, r-devel-linux-x86_64-fedora-gcc, r-devel-windows-x86_64, r-release-linux-x86_64, r-release-macos-arm64, r-release-macos-x86_64, r-release-windows-x86_64
Version: 1.0.2
Check: for GNU extensions in Makefiles
Result: NOTE
GNU make is a SystemRequirements.
Flavors: r-devel-linux-x86_64-debian-clang, r-devel-linux-x86_64-debian-gcc, r-devel-linux-x86_64-fedora-clang, r-devel-linux-x86_64-fedora-gcc, r-devel-windows-x86_64, r-release-linux-x86_64, r-release-macos-arm64, r-release-macos-x86_64, r-release-windows-x86_64, r-oldrel-macos-arm64, r-oldrel-macos-x86_64, r-oldrel-windows-x86_64
Version: 1.0.2
Check: whether package can be installed
Result: ERROR
Installation failed.
Flavor: r-patched-linux-x86_64
Version: 1.0.2
Check: installed package size
Result: NOTE
installed size is 52.8Mb
sub-directories of 1Mb or more:
libs 52.3Mb
Flavors: r-release-macos-arm64, r-release-macos-x86_64, r-oldrel-macos-arm64, r-oldrel-macos-x86_64