Last updated on 2025-02-02 05:48:38 CET.
Flavor | Version | Tinstall | Tcheck | Ttotal | Status | Flags |
---|---|---|---|---|---|---|
r-devel-linux-x86_64-debian-clang | 0.0.9 | 11.58 | 21.65 | 33.23 | NOTE | |
r-devel-linux-x86_64-debian-gcc | 0.0.9 | 8.31 | 17.39 | 25.70 | NOTE | |
r-devel-linux-x86_64-fedora-clang | 0.0.9 | 70.68 | NOTE | |||
r-devel-linux-x86_64-fedora-gcc | 0.0.9 | 56.51 | NOTE | |||
r-devel-windows-x86_64 | 0.0.9 | 15.00 | 64.00 | 79.00 | NOTE | |
r-patched-linux-x86_64 | 0.0.9 | 11.66 | 20.55 | 32.21 | NOTE | |
r-release-linux-x86_64 | 0.0.9 | 10.65 | 20.70 | 31.35 | NOTE | |
r-release-macos-arm64 | 0.0.9 | 22.00 | NOTE | |||
r-release-macos-x86_64 | 0.0.9 | 29.00 | NOTE | |||
r-release-windows-x86_64 | 0.0.9 | 14.00 | 63.00 | 77.00 | NOTE | |
r-oldrel-macos-arm64 | 0.0.9 | 23.00 | NOTE | |||
r-oldrel-macos-x86_64 | 0.0.9 | 36.00 | NOTE | |||
r-oldrel-windows-x86_64 | 0.0.9 | 16.00 | 70.00 | 86.00 | NOTE |
Version: 0.0.9
Check: C++ specification
Result: NOTE
Specified C++11: please drop specification unless essential
Flavors: r-devel-linux-x86_64-debian-clang, r-devel-linux-x86_64-debian-gcc, r-devel-linux-x86_64-fedora-clang, r-devel-linux-x86_64-fedora-gcc, r-devel-windows-x86_64, r-patched-linux-x86_64, r-release-linux-x86_64, r-release-macos-arm64, r-release-macos-x86_64, r-release-windows-x86_64, r-oldrel-macos-arm64, r-oldrel-macos-x86_64, r-oldrel-windows-x86_64