Last updated on 2024-08-16 05:48:35 CEST.
Flavor | Version | Tinstall | Tcheck | Ttotal | Status | Flags |
---|---|---|---|---|---|---|
r-devel-linux-x86_64-debian-clang | 1.1-9.7 | 6.28 | 24.23 | 30.51 | NOTE | |
r-devel-linux-x86_64-debian-gcc | 1.1-9.7 | 4.65 | 18.23 | 22.88 | NOTE | |
r-devel-linux-x86_64-fedora-clang | 1.1-9.7 | 48.02 | NOTE | |||
r-devel-linux-x86_64-fedora-gcc | 1.1-9.7 | 47.62 | NOTE | |||
r-devel-windows-x86_64 | 1.1-9.7 | 10.00 | 51.00 | 61.00 | NOTE | |
r-patched-linux-x86_64 | 1.1-9.7 | 6.56 | 22.50 | 29.06 | NOTE | |
r-release-linux-x86_64 | 1.1-9.7 | 4.91 | 22.91 | 27.82 | NOTE | |
r-release-macos-arm64 | 1.1-9.7 | 19.00 | NOTE | |||
r-release-macos-x86_64 | 1.1-9.7 | 26.00 | NOTE | |||
r-release-windows-x86_64 | 1.1-9.7 | 10.00 | 51.00 | 61.00 | NOTE | |
r-oldrel-macos-arm64 | 1.1-9.7 | 19.00 | NOTE | |||
r-oldrel-macos-x86_64 | 1.1-9.7 | 28.00 | NOTE | |||
r-oldrel-windows-x86_64 | 1.1-9.7 | 11.00 | 55.00 | 66.00 | NOTE |
Version: 1.1-9.7
Check: C++ specification
Result: NOTE
Specified C++11: please drop specification unless essential
Flavors: r-devel-linux-x86_64-debian-clang, r-devel-linux-x86_64-debian-gcc, r-devel-linux-x86_64-fedora-clang, r-devel-linux-x86_64-fedora-gcc, r-devel-windows-x86_64, r-patched-linux-x86_64, r-release-linux-x86_64, r-release-macos-arm64, r-release-macos-x86_64, r-release-windows-x86_64, r-oldrel-macos-arm64, r-oldrel-macos-x86_64, r-oldrel-windows-x86_64