Last updated on 2024-06-30 05:53:20 CEST.
Flavor | Version | Tinstall | Tcheck | Ttotal | Status | Flags |
---|---|---|---|---|---|---|
r-devel-linux-x86_64-debian-clang | 0.5-3 | 68.22 | 52.56 | 120.78 | NOTE | |
r-devel-linux-x86_64-debian-gcc | 0.5-3 | 44.67 | 38.49 | 83.16 | NOTE | |
r-devel-linux-x86_64-fedora-clang | 0.5-3 | 173.45 | NOTE | |||
r-devel-linux-x86_64-fedora-gcc | 0.5-3 | 166.06 | NOTE | |||
r-devel-windows-x86_64 | 0.5-3 | 53.00 | 85.00 | 138.00 | NOTE | |
r-patched-linux-x86_64 | 0.5-3 | 49.42 | 50.66 | 100.08 | NOTE | |
r-release-linux-x86_64 | 0.5-3 | 52.00 | 51.15 | 103.15 | NOTE | |
r-release-macos-arm64 | 0.5-3 | 37.00 | NOTE | |||
r-release-macos-x86_64 | 0.5-3 | 46.00 | NOTE | |||
r-release-windows-x86_64 | 0.5-3 | 54.00 | 83.00 | 137.00 | NOTE | |
r-oldrel-macos-arm64 | 0.5-3 | 42.00 | OK | |||
r-oldrel-macos-x86_64 | 0.5-3 | 71.00 | OK | |||
r-oldrel-windows-x86_64 | 0.5-3 | 65.00 | 98.00 | 163.00 | OK |
Version: 0.5-3
Check: Rd files
Result: NOTE
checkRd: (-1) FitAkdParameters.Rd:23: Lost braces; missing escapes or markup?
23 | p(y|ens) = 1 / K * sum {dnorm(y, z.i, s)} \cr
| ^
Flavors: r-devel-linux-x86_64-debian-clang, r-devel-linux-x86_64-debian-gcc, r-devel-linux-x86_64-fedora-clang, r-devel-linux-x86_64-fedora-gcc, r-devel-windows-x86_64, r-patched-linux-x86_64, r-release-linux-x86_64, r-release-macos-arm64, r-release-macos-x86_64, r-release-windows-x86_64