Last updated on 2024-06-27 05:57:45 CEST.
Flavor | Version | Tinstall | Tcheck | Ttotal | Status | Flags |
---|---|---|---|---|---|---|
r-devel-linux-x86_64-debian-clang | 2.0.7 | NOTE | ||||
r-devel-linux-x86_64-debian-gcc | 2.0.7 | 40.96 | 403.68 | 444.64 | NOTE | |
r-devel-linux-x86_64-fedora-clang | 2.0.7 | 768.22 | NOTE | |||
r-devel-linux-x86_64-fedora-gcc | 2.0.7 | 720.71 | NOTE | |||
r-devel-windows-x86_64 | 2.0.7 | 44.00 | 370.00 | 414.00 | NOTE | |
r-patched-linux-x86_64 | 2.0.7 | 50.24 | 524.16 | 574.40 | NOTE | |
r-release-linux-x86_64 | 2.0.7 | 50.54 | 530.81 | 581.35 | NOTE | |
r-release-macos-arm64 | 2.0.7 | 175.00 | NOTE | |||
r-release-macos-x86_64 | 2.0.7 | 283.00 | NOTE | |||
r-release-windows-x86_64 | 2.0.7 | 47.00 | 371.00 | 418.00 | NOTE | |
r-oldrel-macos-arm64 | 2.0.7 | 175.00 | NOTE | |||
r-oldrel-macos-x86_64 | 2.0.7 | 487.00 | NOTE | |||
r-oldrel-windows-x86_64 | 2.0.7 | 60.00 | 514.00 | 574.00 | NOTE |
Version: 2.0.7
Check: package dependencies
Result: NOTE
Package suggested but not available for checking: ‘NLMR’
Flavors: r-devel-linux-x86_64-debian-clang, r-devel-linux-x86_64-debian-gcc, r-devel-linux-x86_64-fedora-clang, r-devel-linux-x86_64-fedora-gcc, r-devel-windows-x86_64, r-patched-linux-x86_64, r-release-linux-x86_64, r-release-macos-arm64, r-release-macos-x86_64, r-release-windows-x86_64, r-oldrel-macos-arm64, r-oldrel-macos-x86_64, r-oldrel-windows-x86_64