Last updated on 2024-08-16 05:48:33 CEST.
Flavor | Version | Tinstall | Tcheck | Ttotal | Status | Flags |
---|---|---|---|---|---|---|
r-devel-linux-x86_64-debian-clang | 0.1 | 6.89 | 55.05 | 61.94 | NOTE | |
r-devel-linux-x86_64-debian-gcc | 0.1 | 4.84 | 41.38 | 46.22 | NOTE | |
r-devel-linux-x86_64-fedora-clang | 0.1 | 99.28 | NOTE | |||
r-devel-linux-x86_64-fedora-gcc | 0.1 | 100.92 | NOTE | |||
r-devel-windows-x86_64 | 0.1 | 7.00 | 69.00 | 76.00 | OK | |
r-patched-linux-x86_64 | 0.1 | 6.54 | 51.68 | 58.22 | NOTE | |
r-release-linux-x86_64 | 0.1 | 6.28 | 52.11 | 58.39 | NOTE | |
r-release-macos-arm64 | 0.1 | 31.00 | OK | |||
r-release-macos-x86_64 | 0.1 | 48.00 | OK | |||
r-release-windows-x86_64 | 0.1 | 7.00 | 69.00 | 76.00 | OK | |
r-oldrel-macos-arm64 | 0.1 | 35.00 | OK | |||
r-oldrel-macos-x86_64 | 0.1 | 50.00 | OK | |||
r-oldrel-windows-x86_64 | 0.1 | 10.00 | 81.00 | 91.00 | OK |
Version: 0.1
Check: for non-standard things in the check directory
Result: NOTE
Found the following files/directories:
‘database.csv’ ‘output.csv’ ‘output_clst.csv’
Flavors: r-devel-linux-x86_64-debian-clang, r-devel-linux-x86_64-debian-gcc, r-devel-linux-x86_64-fedora-clang, r-devel-linux-x86_64-fedora-gcc, r-patched-linux-x86_64, r-release-linux-x86_64