Last updated on 2024-06-30 05:53:19 CEST.
Flavor | Version | Tinstall | Tcheck | Ttotal | Status | Flags |
---|---|---|---|---|---|---|
r-devel-linux-x86_64-debian-clang | 1.3.0 | 6.08 | 203.41 | 209.49 | OK | |
r-devel-linux-x86_64-debian-gcc | 1.3.0 | 5.46 | 151.18 | 156.64 | OK | |
r-devel-linux-x86_64-fedora-clang | 1.3.0 | 258.66 | OK | |||
r-devel-linux-x86_64-fedora-gcc | 1.3.0 | 252.44 | OK | |||
r-devel-windows-x86_64 | 1.3.0 | 6.00 | 221.00 | 227.00 | OK | |
r-patched-linux-x86_64 | 1.3.0 | 8.41 | 199.13 | 207.54 | OK | |
r-release-linux-x86_64 | 1.3.0 | 6.82 | 196.89 | 203.71 | OK | |
r-release-macos-arm64 | 1.3.0 | 76.00 | OK | |||
r-release-macos-x86_64 | 1.3.0 | 121.00 | WARN | |||
r-release-windows-x86_64 | 1.3.0 | 6.00 | 218.00 | 224.00 | OK | |
r-oldrel-macos-arm64 | 1.3.0 | 80.00 | OK | |||
r-oldrel-macos-x86_64 | 1.3.0 | 140.00 | OK | |||
r-oldrel-windows-x86_64 | 1.3.0 | 8.00 | 248.00 | 256.00 | OK |
Version: 1.3.0
Check: re-building of vignette outputs
Result: WARN
Error(s) in re-building vignettes:
--- re-building ‘AsymptoticMarkowitz.Rnw’ using knitr
--- finished re-building ‘AsymptoticMarkowitz.Rnw’
--- re-building ‘SharpeR.Rnw’ using knitr
Error: processing vignette 'SharpeR.Rnw' failed with diagnostics:
Running 'texi2dvi' on 'SharpeR.tex' failed.
LaTeX errors:
! Undefined control sequence.
l.205 \hlkwd{library}\hldef
{(SharpeR)}
?
! Emergency stop.
! Emergency stop.
l.205
End of file on the terminal!
! ==> Fatal error occurred, no output PDF file produced!
--- failed re-building ‘SharpeR.Rnw’
--- re-building ‘SharpeRatio.Rnw’ using knitr
Warning in as.character.POSIXt(as.POSIXlt(x), ...) :
as.character(td, ..) no longer obeys a 'format' argument; use format(td, ..) ?
Warning in as.character.POSIXt(as.POSIXlt(x), ...) :
as.character(td, ..) no longer obeys a 'format' argument; use format(td, ..) ?
Error: processing vignette 'SharpeRatio.Rnw' failed with diagnostics:
Running 'texi2dvi' on 'SharpeRatio.tex' failed.
LaTeX errors:
! Undefined control sequence.
l.1695 \hlkwd{require}\hldef
{(MASS)}
?
! Emergency stop.
! Emergency stop.
l.1695
End of file on the terminal!
! ==> Fatal error occurred, no output PDF file produced!
--- failed re-building ‘SharpeRatio.Rnw’
SUMMARY: processing the following files failed:
‘SharpeR.Rnw’ ‘SharpeRatio.Rnw’
Error: Vignette re-building failed.
Execution halted
Flavor: r-release-macos-x86_64