Last updated on 2025-02-03 05:49:17 CET.
Flavor | Version | Tinstall | Tcheck | Ttotal | Status | Flags |
---|---|---|---|---|---|---|
r-devel-linux-x86_64-debian-clang | 1.1.3 | 61.00 | 36.36 | 97.36 | NOTE | |
r-devel-linux-x86_64-debian-gcc | 1.1.3 | 45.75 | 32.92 | 78.67 | NOTE | |
r-devel-linux-x86_64-fedora-clang | 1.1.3 | 161.13 | NOTE | |||
r-devel-linux-x86_64-fedora-gcc | 1.1.3 | 190.24 | NOTE | |||
r-devel-windows-x86_64 | 1.1.3 | 55.00 | 96.00 | 151.00 | NOTE | |
r-patched-linux-x86_64 | 1.1.3 | 61.35 | 40.84 | 102.19 | NOTE | |
r-release-linux-x86_64 | 1.1.3 | 64.64 | 41.20 | 105.84 | NOTE | |
r-release-macos-arm64 | 1.1.3 | 46.00 | NOTE | |||
r-release-macos-x86_64 | 1.1.3 | 60.00 | NOTE | |||
r-release-windows-x86_64 | 1.1.3 | 54.00 | 82.00 | 136.00 | NOTE | |
r-oldrel-macos-arm64 | 1.1.3 | 50.00 | NOTE | |||
r-oldrel-macos-x86_64 | 1.1.3 | 83.00 | NOTE | |||
r-oldrel-windows-x86_64 | 1.1.3 | 68.00 | 95.00 | 163.00 | NOTE |
Version: 1.1.3
Check: C++ specification
Result: NOTE
Specified C++11: please drop specification unless essential
Flavors: r-devel-linux-x86_64-debian-clang, r-devel-linux-x86_64-debian-gcc, r-devel-linux-x86_64-fedora-clang, r-devel-linux-x86_64-fedora-gcc, r-devel-windows-x86_64, r-patched-linux-x86_64, r-release-linux-x86_64, r-release-macos-arm64, r-release-macos-x86_64, r-release-windows-x86_64, r-oldrel-macos-arm64, r-oldrel-macos-x86_64, r-oldrel-windows-x86_64
Version: 1.1.3
Check: installed package size
Result: NOTE
installed size is 22.4Mb
sub-directories of 1Mb or more:
libs 22.2Mb
Flavors: r-release-macos-arm64, r-release-macos-x86_64, r-oldrel-macos-arm64, r-oldrel-macos-x86_64