Last updated on 2024-06-21 05:58:14 CEST.
Flavor | Version | Tinstall | Tcheck | Ttotal | Status | Flags |
---|---|---|---|---|---|---|
r-devel-linux-x86_64-debian-clang | 1.0.0 | 8.85 | 71.93 | 80.78 | OK | |
r-devel-linux-x86_64-debian-gcc | 1.0.0 | 7.27 | 54.67 | 61.94 | OK | |
r-devel-linux-x86_64-fedora-clang | 1.0.0 | 103.76 | NOTE | |||
r-devel-linux-x86_64-fedora-gcc | 1.0.0 | 96.76 | NOTE | |||
r-devel-windows-x86_64 | 1.0.0 | 10.00 | 71.00 | 81.00 | OK | |
r-patched-linux-x86_64 | 1.0.0 | 6.01 | 68.85 | 74.86 | OK | |
r-release-linux-x86_64 | 1.0.0 | 7.60 | 70.32 | 77.92 | OK | |
r-release-macos-arm64 | 1.0.0 | 33.00 | OK | |||
r-release-macos-x86_64 | 1.0.0 | 44.00 | OK | |||
r-release-windows-x86_64 | 1.0.0 | 8.00 | 71.00 | 79.00 | OK | |
r-oldrel-macos-arm64 | 1.0.0 | 39.00 | OK | |||
r-oldrel-macos-x86_64 | 1.0.0 | 48.00 | OK | |||
r-oldrel-windows-x86_64 | 1.0.0 | 10.00 | 83.00 | 93.00 | OK |
Version: 1.0.0
Check: data for non-ASCII characters
Result: NOTE
Note: found 4 marked UTF-8 strings
Flavors: r-devel-linux-x86_64-fedora-clang, r-devel-linux-x86_64-fedora-gcc