Last updated on 2024-06-30 05:53:17 CEST.
Flavor | Version | Tinstall | Tcheck | Ttotal | Status | Flags |
---|---|---|---|---|---|---|
r-devel-linux-x86_64-debian-clang | 5.0.4 | 83.59 | 55.28 | 138.87 | OK | |
r-devel-linux-x86_64-debian-gcc | 5.0.4 | 65.06 | 42.03 | 107.09 | OK | |
r-devel-linux-x86_64-fedora-clang | 5.0.4 | 189.35 | OK | |||
r-devel-linux-x86_64-fedora-gcc | 5.0.4 | 207.93 | OK | |||
r-devel-windows-x86_64 | 5.0.4 | 121.00 | 128.00 | 249.00 | OK | |
r-patched-linux-x86_64 | 5.0.4 | 77.08 | 54.78 | 131.86 | OK | |
r-release-linux-x86_64 | 5.0.4 | 80.61 | 52.77 | 133.38 | OK | |
r-release-macos-arm64 | 5.0.4 | 54.00 | NOTE | |||
r-release-macos-x86_64 | 5.0.4 | 89.00 | NOTE | |||
r-release-windows-x86_64 | 5.0.4 | 121.00 | 122.00 | 243.00 | OK | |
r-oldrel-macos-arm64 | 5.0.4 | 63.00 | NOTE | |||
r-oldrel-macos-x86_64 | 5.0.4 | 125.00 | NOTE | |||
r-oldrel-windows-x86_64 | 5.0.4 | 123.00 | 139.00 | 262.00 | OK |
Version: 5.0.4
Check: installed package size
Result: NOTE
installed size is 6.9Mb
sub-directories of 1Mb or more:
libs 6.0Mb
Flavors: r-release-macos-arm64, r-release-macos-x86_64, r-oldrel-macos-arm64, r-oldrel-macos-x86_64