Last updated on 2024-06-30 05:53:16 CEST.
Flavor | Version | Tinstall | Tcheck | Ttotal | Status | Flags |
---|---|---|---|---|---|---|
r-devel-linux-x86_64-debian-clang | 1.3.0 | 16.40 | 248.80 | 265.20 | OK | |
r-devel-linux-x86_64-debian-gcc | 1.3.0 | 11.39 | 174.02 | 185.41 | OK | |
r-devel-linux-x86_64-fedora-clang | 1.3.0 | 320.55 | NOTE | |||
r-devel-linux-x86_64-fedora-gcc | 1.3.0 | 320.97 | NOTE | |||
r-devel-windows-x86_64 | 1.3.0 | 13.00 | 220.00 | 233.00 | OK | |
r-patched-linux-x86_64 | 1.3.0 | 12.77 | 225.62 | 238.39 | OK | |
r-release-linux-x86_64 | 1.3.0 | 14.50 | 234.82 | 249.32 | OK | |
r-release-macos-arm64 | 1.3.0 | 121.00 | OK | |||
r-release-macos-x86_64 | 1.3.0 | 171.00 | OK | |||
r-release-windows-x86_64 | 1.3.0 | 15.00 | 199.00 | 214.00 | OK | |
r-oldrel-macos-arm64 | 1.3.0 | 126.00 | OK | |||
r-oldrel-macos-x86_64 | 1.3.0 | 254.00 | OK | |||
r-oldrel-windows-x86_64 | 1.3.0 | 17.00 | 245.00 | 262.00 | OK |
Version: 1.3.0
Check: data for non-ASCII characters
Result: NOTE
Note: found 345 marked UTF-8 strings
Flavors: r-devel-linux-x86_64-fedora-clang, r-devel-linux-x86_64-fedora-gcc