Last updated on 2025-02-02 05:48:33 CET.
Flavor | Version | Tinstall | Tcheck | Ttotal | Status | Flags |
---|---|---|---|---|---|---|
r-devel-linux-x86_64-debian-clang | 0.1.9 | 39.95 | 327.56 | 367.51 | NOTE | |
r-devel-linux-x86_64-debian-gcc | 0.1.9 | 26.37 | 205.71 | 232.08 | NOTE | |
r-devel-linux-x86_64-fedora-clang | 0.1.9 | 608.52 | OK | |||
r-devel-linux-x86_64-fedora-gcc | 0.1.9 | 553.46 | OK | |||
r-devel-windows-x86_64 | 0.1.9 | 36.00 | 267.00 | 303.00 | NOTE | |
r-patched-linux-x86_64 | 0.1.9 | 44.28 | 303.08 | 347.36 | OK | |
r-release-linux-x86_64 | 0.1.9 | 37.53 | 302.13 | 339.66 | OK | |
r-release-macos-arm64 | 0.1.9 | 128.00 | OK | |||
r-release-macos-x86_64 | 0.1.9 | 278.00 | OK | |||
r-release-windows-x86_64 | 0.1.9 | 37.00 | 306.00 | 343.00 | OK | |
r-oldrel-macos-arm64 | 0.1.9 | 123.00 | OK | |||
r-oldrel-macos-x86_64 | 0.1.9 | 289.00 | OK | |||
r-oldrel-windows-x86_64 | 0.1.9 | 52.00 | 351.00 | 403.00 | OK |
Version: 0.1.9
Check: Rd cross-references
Result: NOTE
Found the following Rd file(s) with Rd \link{} targets missing package
anchors:
classify_DayTime.Rd: sunriset, crepuscule
dy_DepthTS.Rd: dygraph, dyOptions
get_DayTimeLimits.Rd: sunriset, crepuscule
ggplot_geopos.Rd: SpatialPolygonsDataFrame, projection, cmap
ggplotly_geopos.Rd: region_definitions, v, add.region, delete.region,
ggplotly
image_TempDepthProfiles.Rd: cmap, set.colorbarp
leaflet_geopos.Rd: SpatialPolygonsDataFrame, cmap
plot_DepthTempTS.Rd: oceanmap, cmap
plot_data_coverage.Rd: oceanmap
Please provide package anchors for all Rd \link{} targets not in the
package itself and the base packages.
Flavors: r-devel-linux-x86_64-debian-clang, r-devel-linux-x86_64-debian-gcc, r-devel-windows-x86_64