Last updated on 2024-06-30 05:53:16 CEST.
Flavor | Version | Tinstall | Tcheck | Ttotal | Status | Flags |
---|---|---|---|---|---|---|
r-devel-linux-x86_64-debian-clang | 3.0.0 | 27.49 | 449.16 | 476.65 | OK | |
r-devel-linux-x86_64-debian-gcc | 3.0.0 | 20.78 | 307.54 | 328.32 | OK | |
r-devel-linux-x86_64-fedora-clang | 3.0.0 | 565.26 | OK | |||
r-devel-linux-x86_64-fedora-gcc | 3.0.0 | 561.28 | OK | |||
r-devel-windows-x86_64 | 3.0.0 | 22.00 | 266.00 | 288.00 | OK | |
r-patched-linux-x86_64 | 3.0.0 | 16.59 | 411.13 | 427.72 | OK | |
r-release-linux-x86_64 | 3.0.0 | 16.86 | 428.04 | 444.90 | OK | |
r-release-macos-arm64 | 3.0.0 | 110.00 | NOTE | |||
r-release-macos-x86_64 | 3.0.0 | 187.00 | NOTE | |||
r-release-windows-x86_64 | 3.0.0 | 21.00 | 271.00 | 292.00 | OK | |
r-oldrel-macos-arm64 | 3.0.0 | 121.00 | OK | |||
r-oldrel-macos-x86_64 | 3.0.0 | 217.00 | NOTE | |||
r-oldrel-windows-x86_64 | 3.0.0 | 29.00 | 339.00 | 368.00 | OK |
Version: 3.0.0
Check: installed package size
Result: NOTE
installed size is 5.2Mb
sub-directories of 1Mb or more:
data 4.5Mb
Flavors: r-release-macos-arm64, r-release-macos-x86_64, r-oldrel-macos-x86_64