Last updated on 2024-06-30 05:53:18 CEST.
Flavor | Version | Tinstall | Tcheck | Ttotal | Status | Flags |
---|---|---|---|---|---|---|
r-devel-linux-x86_64-debian-clang | 1.5 | 628.07 | 139.56 | 767.63 | OK | |
r-devel-linux-x86_64-debian-gcc | 1.5 | 521.50 | 100.99 | 622.49 | OK | |
r-devel-linux-x86_64-fedora-clang | 1.5 | 1048.44 | NOTE | |||
r-devel-linux-x86_64-fedora-gcc | 1.5 | 1418.02 | OK | |||
r-devel-windows-x86_64 | 1.5 | 481.00 | 240.00 | 721.00 | NOTE | |
r-patched-linux-x86_64 | 1.5 | 604.57 | 127.48 | 732.05 | OK | |
r-release-linux-x86_64 | 1.5 | 625.27 | 129.62 | 754.89 | OK | |
r-release-macos-arm64 | 1.5 | 299.00 | NOTE | |||
r-release-macos-x86_64 | 1.5 | 233.00 | NOTE | |||
r-release-windows-x86_64 | 1.5 | 469.00 | 223.00 | 692.00 | NOTE | |
r-oldrel-macos-arm64 | 1.5 | 276.00 | NOTE | |||
r-oldrel-macos-x86_64 | 1.5 | 321.00 | NOTE | |||
r-oldrel-windows-x86_64 | 1.5 | 642.00 | 277.00 | 919.00 | NOTE |
Version: 1.5
Check: installed package size
Result: NOTE
installed size is 11.9Mb
sub-directories of 1Mb or more:
libs 10.1Mb
Flavors: r-devel-linux-x86_64-fedora-clang, r-devel-windows-x86_64, r-release-macos-arm64, r-release-macos-x86_64, r-release-windows-x86_64, r-oldrel-macos-arm64, r-oldrel-macos-x86_64, r-oldrel-windows-x86_64