Last updated on 2025-02-02 05:48:35 CET.
Flavor | Version | Tinstall | Tcheck | Ttotal | Status | Flags |
---|---|---|---|---|---|---|
r-devel-linux-x86_64-debian-clang | 0.10.6 | 11.78 | 79.49 | 91.27 | NOTE | |
r-devel-linux-x86_64-debian-gcc | 0.10.6 | 9.11 | 59.90 | 69.01 | NOTE | |
r-devel-linux-x86_64-fedora-clang | 0.10.6 | 158.17 | OK | |||
r-devel-linux-x86_64-fedora-gcc | 0.10.6 | 142.78 | OK | |||
r-devel-windows-x86_64 | 0.10.6 | 11.00 | 87.00 | 98.00 | NOTE | |
r-patched-linux-x86_64 | 0.10.6 | 15.52 | 75.06 | 90.58 | OK | |
r-release-linux-x86_64 | 0.10.6 | 11.37 | 74.93 | 86.30 | OK | |
r-release-macos-arm64 | 0.10.6 | 54.00 | OK | |||
r-release-macos-x86_64 | 0.10.6 | 73.00 | OK | |||
r-release-windows-x86_64 | 0.10.6 | 12.00 | 86.00 | 98.00 | OK | |
r-oldrel-macos-arm64 | 0.10.6 | 45.00 | OK | |||
r-oldrel-macos-x86_64 | 0.10.6 | 75.00 | NOTE | |||
r-oldrel-windows-x86_64 | 0.10.6 | 14.00 | 102.00 | 116.00 | OK |
Version: 0.10.6
Check: Rd cross-references
Result: NOTE
Found the following Rd file(s) with Rd \link{} targets missing package
anchors:
RSA.Rd: sem
Please provide package anchors for all Rd \link{} targets not in the
package itself and the base packages.
Flavors: r-devel-linux-x86_64-debian-clang, r-devel-linux-x86_64-debian-gcc, r-devel-windows-x86_64
Version: 0.10.6
Check: package dependencies
Result: NOTE
Packages suggested but not available for checking: 'fields', 'qgraph'
Flavor: r-oldrel-macos-x86_64