Last updated on 2025-02-02 05:48:35 CET.
Flavor | Version | Tinstall | Tcheck | Ttotal | Status | Flags |
---|---|---|---|---|---|---|
r-devel-linux-x86_64-debian-clang | 0.8.0 | 0.68 | 1.99 | 2.67 | ERROR | |
r-devel-linux-x86_64-debian-gcc | 0.8.0 | 0.51 | 1.49 | 2.00 | ERROR | |
r-devel-linux-x86_64-fedora-clang | 0.8.0 | 3.09 | ERROR | |||
r-devel-linux-x86_64-fedora-gcc | 0.8.0 | 2.93 | ERROR | |||
r-devel-windows-x86_64 | 0.8.0 | 26.00 | 249.00 | 275.00 | OK | |
r-patched-linux-x86_64 | 0.8.0 | 0.57 | 1.80 | 2.37 | ERROR | |
r-release-linux-x86_64 | 0.8.0 | 0.56 | 1.93 | 2.49 | ERROR | |
r-release-macos-arm64 | 0.8.0 | 130.00 | OK | |||
r-release-macos-x86_64 | 0.8.0 | 351.00 | OK | |||
r-release-windows-x86_64 | 0.8.0 | 24.00 | 261.00 | 285.00 | OK | |
r-oldrel-macos-arm64 | 0.8.0 | 151.00 | OK | |||
r-oldrel-macos-x86_64 | 0.8.0 | 292.00 | OK | |||
r-oldrel-windows-x86_64 | 0.8.0 | 32.00 | 322.00 | 354.00 | OK |
Version: 0.8.0
Check: package dependencies
Result: ERROR
Package required but not available: ‘TDA’
See section ‘The DESCRIPTION file’ in the ‘Writing R Extensions’
manual.
Flavors: r-devel-linux-x86_64-debian-clang, r-devel-linux-x86_64-debian-gcc, r-devel-linux-x86_64-fedora-clang, r-devel-linux-x86_64-fedora-gcc, r-patched-linux-x86_64, r-release-linux-x86_64