Last updated on 2025-02-09 06:50:00 CET.
Flavor | Version | Tinstall | Tcheck | Ttotal | Status | Flags |
---|---|---|---|---|---|---|
r-devel-linux-x86_64-debian-clang | 0.2.4 | 5.19 | 38.35 | 43.54 | NOTE | |
r-devel-linux-x86_64-debian-gcc | 0.2.4 | 3.96 | 28.45 | 32.41 | NOTE | |
r-devel-linux-x86_64-fedora-clang | 0.2.4 | 72.19 | OK | |||
r-devel-linux-x86_64-fedora-gcc | 0.2.4 | 66.08 | OK | |||
r-devel-windows-x86_64 | 0.2.4 | 5.00 | 55.00 | 60.00 | NOTE | |
r-patched-linux-x86_64 | 0.2.4 | 6.57 | 36.16 | 42.73 | OK | |
r-release-linux-x86_64 | 0.2.4 | 4.62 | 36.52 | 41.14 | OK | |
r-release-macos-arm64 | 0.2.4 | 20.00 | OK | |||
r-release-macos-x86_64 | 0.2.4 | 33.00 | OK | |||
r-release-windows-x86_64 | 0.2.4 | 5.00 | 54.00 | 59.00 | OK | |
r-oldrel-macos-arm64 | 0.2.4 | 21.00 | OK | |||
r-oldrel-macos-x86_64 | 0.2.4 | 38.00 | OK | |||
r-oldrel-windows-x86_64 | 0.2.4 | 6.00 | 62.00 | 68.00 | OK |
Version: 0.2.4
Check: Rd cross-references
Result: NOTE
Found the following Rd file(s) with Rd \link{} targets missing package
anchors:
H2Connection-class.Rd: JDBC, JDBCDriver-class
Please provide package anchors for all Rd \link{} targets not in the
package itself and the base packages.
Flavors: r-devel-linux-x86_64-debian-clang, r-devel-linux-x86_64-debian-gcc, r-devel-windows-x86_64