Last updated on 2024-08-06 05:49:32 CEST.
Flavor | Version | Tinstall | Tcheck | Ttotal | Status | Flags |
---|---|---|---|---|---|---|
r-devel-linux-x86_64-debian-clang | 1.98-1.16 | 22.32 | 56.51 | 78.83 | NOTE | |
r-devel-linux-x86_64-debian-gcc | 1.98-1.16 | 15.55 | 30.05 | 45.60 | NOTE | |
r-devel-linux-x86_64-fedora-clang | 1.98-1.16 | 102.10 | NOTE | |||
r-devel-linux-x86_64-fedora-gcc | 1.98-1.16 | 97.71 | NOTE | |||
r-devel-windows-x86_64 | 1.98-1.16 | 38.00 | 177.00 | 215.00 | NOTE | |
r-patched-linux-x86_64 | 1.98-1.16 | 17.23 | 41.34 | 58.57 | NOTE | |
r-release-linux-x86_64 | 1.98-1.16 | 19.34 | 52.89 | 72.23 | NOTE | |
r-release-macos-arm64 | 1.98-1.16 | 192.00 | NOTE | |||
r-release-macos-x86_64 | 1.98-1.16 | 247.00 | NOTE | |||
r-release-windows-x86_64 | 1.98-1.16 | 38.00 | 179.00 | 217.00 | NOTE | |
r-oldrel-macos-arm64 | 1.98-1.16 | 170.00 | NOTE | |||
r-oldrel-macos-x86_64 | 1.98-1.16 | 220.00 | NOTE | |||
r-oldrel-windows-x86_64 | 1.98-1.16 | 41.00 | 194.00 | 235.00 | NOTE |
Version: 1.98-1.16
Check: for GNU extensions in Makefiles
Result: NOTE
GNU make is a SystemRequirements.
Flavors: r-devel-linux-x86_64-debian-clang, r-devel-linux-x86_64-debian-gcc, r-devel-linux-x86_64-fedora-clang, r-devel-linux-x86_64-fedora-gcc, r-devel-windows-x86_64, r-patched-linux-x86_64, r-release-linux-x86_64, r-release-macos-arm64, r-release-macos-x86_64, r-release-windows-x86_64, r-oldrel-macos-arm64, r-oldrel-macos-x86_64, r-oldrel-windows-x86_64
Version: 1.98-1.16
Check: installed package size
Result: NOTE
installed size is 11.0Mb
sub-directories of 1Mb or more:
libs 9.0Mb
Flavors: r-devel-windows-x86_64, r-release-windows-x86_64, r-oldrel-windows-x86_64