Last updated on 2024-08-14 05:48:45 CEST.
Flavor | Version | Tinstall | Tcheck | Ttotal | Status | Flags |
---|---|---|---|---|---|---|
r-devel-linux-x86_64-debian-clang | 0.4.3 | 16.39 | 68.70 | 85.09 | NOTE | |
r-devel-linux-x86_64-debian-gcc | 0.4.3 | 9.51 | 45.69 | 55.20 | NOTE | |
r-devel-linux-x86_64-fedora-clang | 0.4.3 | 143.14 | OK | |||
r-devel-linux-x86_64-fedora-gcc | 0.4.3 | 128.19 | OK | |||
r-devel-windows-x86_64 | 0.4.3 | 15.00 | 95.00 | 110.00 | NOTE | |
r-patched-linux-x86_64 | 0.4.3 | 20.48 | 64.50 | 84.98 | OK | |
r-release-linux-x86_64 | 0.4.3 | 14.23 | 64.78 | 79.01 | OK | |
r-release-macos-arm64 | 0.4.3 | 92.00 | OK | |||
r-release-macos-x86_64 | 0.4.3 | 55.00 | OK | |||
r-release-windows-x86_64 | 0.4.3 | 15.00 | 95.00 | 110.00 | OK | |
r-oldrel-macos-arm64 | 0.4.3 | 39.00 | OK | |||
r-oldrel-macos-x86_64 | 0.4.3 | 69.00 | OK | |||
r-oldrel-windows-x86_64 | 0.4.3 | 19.00 | 111.00 | 130.00 | OK |
Version: 0.4.3
Check: Rd cross-references
Result: NOTE
Found the following Rd file(s) with Rd \link{} targets missing package
anchors:
playWave.Rd: tuneR
Please provide package anchors for all Rd \link{} targets not in the
package itself and the base packages.
Flavors: r-devel-linux-x86_64-debian-clang, r-devel-linux-x86_64-debian-gcc, r-devel-windows-x86_64