Last updated on 2024-06-30 05:53:15 CEST.
Flavor | Version | Tinstall | Tcheck | Ttotal | Status | Flags |
---|---|---|---|---|---|---|
r-devel-linux-x86_64-debian-clang | 1.1.0 | 18.20 | 309.24 | 327.44 | NOTE | |
r-devel-linux-x86_64-debian-gcc | 1.1.0 | 15.20 | 219.74 | 234.94 | NOTE | |
r-devel-linux-x86_64-fedora-clang | 1.1.0 | 420.17 | NOTE | |||
r-devel-linux-x86_64-fedora-gcc | 1.1.0 | 659.83 | NOTE | |||
r-devel-windows-x86_64 | 1.1.0 | 23.00 | 129.00 | 152.00 | NOTE | --no-vignettes |
r-patched-linux-x86_64 | 1.1.0 | 19.93 | 304.95 | 324.88 | NOTE | |
r-release-linux-x86_64 | 1.1.0 | 18.95 | 298.03 | 316.98 | NOTE | |
r-release-macos-arm64 | 1.1.0 | 146.00 | NOTE | |||
r-release-macos-x86_64 | 1.1.0 | 267.00 | NOTE | |||
r-release-windows-x86_64 | 1.1.0 | 22.00 | 130.00 | 152.00 | NOTE | --no-vignettes |
r-oldrel-macos-arm64 | 1.1.0 | 250.00 | OK | |||
r-oldrel-macos-x86_64 | 1.1.0 | 471.00 | OK | |||
r-oldrel-windows-x86_64 | 1.1.0 | 26.00 | 141.00 | 167.00 | OK | --no-vignettes |
Version: 1.1.0
Check: Rd files
Result: NOTE
checkRd: (-1) EntropyProg.Rd:28: Lost braces in \itemize; \value handles \item{}{} directly
checkRd: (-1) EntropyProg.Rd:29-30: Lost braces in \itemize; \value handles \item{}{} directly
checkRd: (-1) add.constraint.Rd:29: Lost braces in \itemize; meant \describe ?
checkRd: (-1) add.constraint.Rd:30: Lost braces in \itemize; meant \describe ?
checkRd: (-1) add.constraint.Rd:31: Lost braces in \itemize; meant \describe ?
checkRd: (-1) add.constraint.Rd:32: Lost braces in \itemize; meant \describe ?
checkRd: (-1) add.constraint.Rd:33: Lost braces in \itemize; meant \describe ?
checkRd: (-1) add.constraint.Rd:34: Lost braces in \itemize; meant \describe ?
checkRd: (-1) add.constraint.Rd:35: Lost braces in \itemize; meant \describe ?
checkRd: (-1) add.constraint.Rd:36: Lost braces in \itemize; meant \describe ?
checkRd: (-1) add.constraint.Rd:37: Lost braces in \itemize; meant \describe ?
checkRd: (-1) add.constraint.Rd:38: Lost braces in \itemize; meant \describe ?
checkRd: (-1) add.constraint.Rd:39: Lost braces in \itemize; meant \describe ?
checkRd: (-1) add.constraint.Rd:40: Lost braces in \itemize; meant \describe ?
checkRd: (-1) barplotGroupWeights.Rd:17: Lost braces in \itemize; meant \describe ?
checkRd: (-1) barplotGroupWeights.Rd:18: Lost braces in \itemize; meant \describe ?
checkRd: (-1) black.litterman.Rd:24: Lost braces in \itemize; \value handles \item{}{} directly
checkRd: (-1) black.litterman.Rd:25: Lost braces in \itemize; \value handles \item{}{} directly
checkRd: (-1) chart.GroupWeights.Rd:17: Lost braces in \itemize; meant \describe ?
checkRd: (-1) chart.GroupWeights.Rd:18: Lost braces in \itemize; meant \describe ?
checkRd: (-1) create.EfficientFrontier.Rd:39-45: Lost braces in \itemize; meant \describe ?
checkRd: (-1) create.EfficientFrontier.Rd:46-52: Lost braces in \itemize; meant \describe ?
checkRd: (-1) create.EfficientFrontier.Rd:53-57: Lost braces in \itemize; meant \describe ?
checkRd: (-1) create.EfficientFrontier.Rd:58-62: Lost braces in \itemize; meant \describe ?
checkRd: (-1) extractGroups.Rd:17: Lost braces in \itemize; \value handles \item{}{} directly
checkRd: (-1) extractGroups.Rd:18: Lost braces in \itemize; \value handles \item{}{} directly
checkRd: (-1) extractGroups.Rd:19: Lost braces in \itemize; \value handles \item{}{} directly
checkRd: (-1) fn_map.Rd:22: Lost braces in \itemize; \value handles \item{}{} directly
checkRd: (-1) fn_map.Rd:23: Lost braces in \itemize; \value handles \item{}{} directly
checkRd: (-1) fn_map.Rd:24: Lost braces in \itemize; \value handles \item{}{} directly
checkRd: (-1) fn_map.Rd:25: Lost braces in \itemize; \value handles \item{}{} directly
checkRd: (-1) fn_map.Rd:26: Lost braces in \itemize; \value handles \item{}{} directly
checkRd: (-1) meucci.moments.Rd:17: Lost braces in \itemize; \value handles \item{}{} directly
checkRd: (-1) meucci.moments.Rd:18: Lost braces in \itemize; \value handles \item{}{} directly
checkRd: (-1) optimize.portfolio.Rd:47: Lost braces in \itemize; \value handles \item{}{} directly
checkRd: (-1) optimize.portfolio.Rd:48: Lost braces in \itemize; \value handles \item{}{} directly
checkRd: (-1) optimize.portfolio.Rd:49: Lost braces in \itemize; \value handles \item{}{} directly
checkRd: (-1) optimize.portfolio.Rd:50: Lost braces in \itemize; \value handles \item{}{} directly
checkRd: (-1) optimize.portfolio.Rd:51: Lost braces in \itemize; \value handles \item{}{} directly
checkRd: (-1) optimize.portfolio.Rd:52: Lost braces in \itemize; \value handles \item{}{} directly
checkRd: (-1) optimize.portfolio.Rd:53: Lost braces in \itemize; \value handles \item{}{} directly
checkRd: (-1) optimize.portfolio.Rd:54: Lost braces in \itemize; \value handles \item{}{} directly
checkRd: (-1) optimize.portfolio.Rd:55: Lost braces in \itemize; \value handles \item{}{} directly
checkRd: (-1) optimize.portfolio.Rd:56: Lost braces in \itemize; \value handles \item{}{} directly
checkRd: (-1) optimize.portfolio.Rd:65: Lost braces in \itemize; \value handles \item{}{} directly
checkRd: (-1) optimize.portfolio.Rd:66: Lost braces in \itemize; \value handles \item{}{} directly
checkRd: (-1) optimize.portfolio.Rd:68: Lost braces in \itemize; \value handles \item{}{} directly
checkRd: (-1) optimize.portfolio.Rd:69: Lost braces in \itemize; \value handles \item{}{} directly
checkRd: (-1) optimize.portfolio.Rd:70: Lost braces in \itemize; \value handles \item{}{} directly
checkRd: (-1) optimize.portfolio.Rd:76: Lost braces in \itemize; \value handles \item{}{} directly
checkRd: (-1) optimize.portfolio.Rd:81: Lost braces in \itemize; \value handles \item{}{} directly
checkRd: (-1) optimize.portfolio.Rd:83: Lost braces in \itemize; \value handles \item{}{} directly
checkRd: (-1) optimize.portfolio.Rd:84: Lost braces in \itemize; \value handles \item{}{} directly
checkRd: (-1) optimize.portfolio.Rd:85: Lost braces in \itemize; \value handles \item{}{} directly
checkRd: (-1) optimize.portfolio.Rd:86: Lost braces in \itemize; \value handles \item{}{} directly
checkRd: (-1) optimize.portfolio.Rd:92: Lost braces in \itemize; \value handles \item{}{} directly
checkRd: (-1) optimize.portfolio.Rd:105: Lost braces in \itemize; \value handles \item{}{} directly
checkRd: (-1) optimize.portfolio.rebalancing.Rd:84-100: Lost braces in \itemize; meant \describe ?
checkRd: (-1) optimize.portfolio.rebalancing.Rd:101-104: Lost braces in \itemize; meant \describe ?
checkRd: (-1) optimize.portfolio.rebalancing.Rd:54: Lost braces in \itemize; \value handles \item{}{} directly
checkRd: (-1) optimize.portfolio.rebalancing.Rd:55: Lost braces in \itemize; \value handles \item{}{} directly
checkRd: (-1) optimize.portfolio.rebalancing.Rd:56: Lost braces in \itemize; \value handles \item{}{} directly
checkRd: (-1) optimize.portfolio.rebalancing.Rd:57-58: Lost braces in \itemize; \value handles \item{}{} directly
checkRd: (-1) optimize.portfolio.rebalancing.Rd:59-60: Lost braces in \itemize; \value handles \item{}{} directly
checkRd: (-1) portfolio.spec.Rd:32: Lost braces in \itemize; meant \describe ?
checkRd: (-1) portfolio.spec.Rd:33: Lost braces in \itemize; meant \describe ?
checkRd: (-1) portfolio.spec.Rd:34: Lost braces in \itemize; meant \describe ?
checkRd: (-1) portfolio.spec.Rd:35: Lost braces in \itemize; meant \describe ?
checkRd: (-1) portfolio.spec.Rd:36: Lost braces in \itemize; meant \describe ?
checkRd: (-1) portfolio.spec.Rd:37: Lost braces in \itemize; meant \describe ?
checkRd: (-1) random_portfolios.Rd:32-35: Lost braces in \itemize; meant \describe ?
checkRd: (-1) random_portfolios.Rd:36-43: Lost braces in \itemize; meant \describe ?
checkRd: (-1) random_portfolios.Rd:44-50: Lost braces in \itemize; meant \describe ?
checkRd: (-1) regime.portfolios.Rd:18: Lost braces in \itemize; \value handles \item{}{} directly
checkRd: (-1) regime.portfolios.Rd:19: Lost braces in \itemize; \value handles \item{}{} directly
checkRd: (-1) set.portfolio.moments.Rd:28: Lost braces in \itemize; meant \describe ?
checkRd: (-1) set.portfolio.moments.Rd:29-30: Lost braces in \itemize; meant \describe ?
checkRd: (-1) set.portfolio.moments.Rd:32-33: Lost braces in \itemize; meant \describe ?
checkRd: (-1) statistical.factor.model.Rd:18: Lost braces in \itemize; \value handles \item{}{} directly
checkRd: (-1) statistical.factor.model.Rd:19: Lost braces in \itemize; \value handles \item{}{} directly
checkRd: (-1) statistical.factor.model.Rd:20-21: Lost braces in \itemize; \value handles \item{}{} directly
Flavors: r-devel-linux-x86_64-debian-clang, r-devel-linux-x86_64-debian-gcc, r-devel-linux-x86_64-fedora-clang, r-devel-linux-x86_64-fedora-gcc, r-patched-linux-x86_64, r-release-linux-x86_64, r-release-macos-arm64, r-release-macos-x86_64
Version: 1.1.0
Flags: --no-vignettes
Check: Rd files
Result: NOTE
checkRd: (-1) EntropyProg.Rd:28: Lost braces in \itemize; \value handles \item{}{} directly
checkRd: (-1) EntropyProg.Rd:29-30: Lost braces in \itemize; \value handles \item{}{} directly
checkRd: (-1) add.constraint.Rd:29: Lost braces in \itemize; meant \describe ?
checkRd: (-1) add.constraint.Rd:30: Lost braces in \itemize; meant \describe ?
checkRd: (-1) add.constraint.Rd:31: Lost braces in \itemize; meant \describe ?
checkRd: (-1) add.constraint.Rd:32: Lost braces in \itemize; meant \describe ?
checkRd: (-1) add.constraint.Rd:33: Lost braces in \itemize; meant \describe ?
checkRd: (-1) add.constraint.Rd:34: Lost braces in \itemize; meant \describe ?
checkRd: (-1) add.constraint.Rd:35: Lost braces in \itemize; meant \describe ?
checkRd: (-1) add.constraint.Rd:36: Lost braces in \itemize; meant \describe ?
checkRd: (-1) add.constraint.Rd:37: Lost braces in \itemize; meant \describe ?
checkRd: (-1) add.constraint.Rd:38: Lost braces in \itemize; meant \describe ?
checkRd: (-1) add.constraint.Rd:39: Lost braces in \itemize; meant \describe ?
checkRd: (-1) add.constraint.Rd:40: Lost braces in \itemize; meant \describe ?
checkRd: (-1) barplotGroupWeights.Rd:17: Lost braces in \itemize; meant \describe ?
checkRd: (-1) barplotGroupWeights.Rd:18: Lost braces in \itemize; meant \describe ?
checkRd: (-1) black.litterman.Rd:24: Lost braces in \itemize; \value handles \item{}{} directly
checkRd: (-1) black.litterman.Rd:25: Lost braces in \itemize; \value handles \item{}{} directly
checkRd: (-1) chart.GroupWeights.Rd:17: Lost braces in \itemize; meant \describe ?
checkRd: (-1) chart.GroupWeights.Rd:18: Lost braces in \itemize; meant \describe ?
checkRd: (-1) create.EfficientFrontier.Rd:39-45: Lost braces in \itemize; meant \describe ?
checkRd: (-1) create.EfficientFrontier.Rd:46-52: Lost braces in \itemize; meant \describe ?
checkRd: (-1) create.EfficientFrontier.Rd:53-57: Lost braces in \itemize; meant \describe ?
checkRd: (-1) create.EfficientFrontier.Rd:58-62: Lost braces in \itemize; meant \describe ?
checkRd: (-1) extractGroups.Rd:17: Lost braces in \itemize; \value handles \item{}{} directly
checkRd: (-1) extractGroups.Rd:18: Lost braces in \itemize; \value handles \item{}{} directly
checkRd: (-1) extractGroups.Rd:19: Lost braces in \itemize; \value handles \item{}{} directly
checkRd: (-1) fn_map.Rd:22: Lost braces in \itemize; \value handles \item{}{} directly
checkRd: (-1) fn_map.Rd:23: Lost braces in \itemize; \value handles \item{}{} directly
checkRd: (-1) fn_map.Rd:24: Lost braces in \itemize; \value handles \item{}{} directly
checkRd: (-1) fn_map.Rd:25: Lost braces in \itemize; \value handles \item{}{} directly
checkRd: (-1) fn_map.Rd:26: Lost braces in \itemize; \value handles \item{}{} directly
checkRd: (-1) meucci.moments.Rd:17: Lost braces in \itemize; \value handles \item{}{} directly
checkRd: (-1) meucci.moments.Rd:18: Lost braces in \itemize; \value handles \item{}{} directly
checkRd: (-1) optimize.portfolio.Rd:47: Lost braces in \itemize; \value handles \item{}{} directly
checkRd: (-1) optimize.portfolio.Rd:48: Lost braces in \itemize; \value handles \item{}{} directly
checkRd: (-1) optimize.portfolio.Rd:49: Lost braces in \itemize; \value handles \item{}{} directly
checkRd: (-1) optimize.portfolio.Rd:50: Lost braces in \itemize; \value handles \item{}{} directly
checkRd: (-1) optimize.portfolio.Rd:51: Lost braces in \itemize; \value handles \item{}{} directly
checkRd: (-1) optimize.portfolio.Rd:52: Lost braces in \itemize; \value handles \item{}{} directly
checkRd: (-1) optimize.portfolio.Rd:53: Lost braces in \itemize; \value handles \item{}{} directly
checkRd: (-1) optimize.portfolio.Rd:54: Lost braces in \itemize; \value handles \item{}{} directly
checkRd: (-1) optimize.portfolio.Rd:55: Lost braces in \itemize; \value handles \item{}{} directly
checkRd: (-1) optimize.portfolio.Rd:56: Lost braces in \itemize; \value handles \item{}{} directly
checkRd: (-1) optimize.portfolio.Rd:65: Lost braces in \itemize; \value handles \item{}{} directly
checkRd: (-1) optimize.portfolio.Rd:66: Lost braces in \itemize; \value handles \item{}{} directly
checkRd: (-1) optimize.portfolio.Rd:68: Lost braces in \itemize; \value handles \item{}{} directly
checkRd: (-1) optimize.portfolio.Rd:69: Lost braces in \itemize; \value handles \item{}{} directly
checkRd: (-1) optimize.portfolio.Rd:70: Lost braces in \itemize; \value handles \item{}{} directly
checkRd: (-1) optimize.portfolio.Rd:76: Lost braces in \itemize; \value handles \item{}{} directly
checkRd: (-1) optimize.portfolio.Rd:81: Lost braces in \itemize; \value handles \item{}{} directly
checkRd: (-1) optimize.portfolio.Rd:83: Lost braces in \itemize; \value handles \item{}{} directly
checkRd: (-1) optimize.portfolio.Rd:84: Lost braces in \itemize; \value handles \item{}{} directly
checkRd: (-1) optimize.portfolio.Rd:85: Lost braces in \itemize; \value handles \item{}{} directly
checkRd: (-1) optimize.portfolio.Rd:86: Lost braces in \itemize; \value handles \item{}{} directly
checkRd: (-1) optimize.portfolio.Rd:92: Lost braces in \itemize; \value handles \item{}{} directly
checkRd: (-1) optimize.portfolio.Rd:105: Lost braces in \itemize; \value handles \item{}{} directly
checkRd: (-1) optimize.portfolio.rebalancing.Rd:84-100: Lost braces in \itemize; meant \describe ?
checkRd: (-1) optimize.portfolio.rebalancing.Rd:101-104: Lost braces in \itemize; meant \describe ?
checkRd: (-1) optimize.portfolio.rebalancing.Rd:54: Lost braces in \itemize; \value handles \item{}{} directly
checkRd: (-1) optimize.portfolio.rebalancing.Rd:55: Lost braces in \itemize; \value handles \item{}{} directly
checkRd: (-1) optimize.portfolio.rebalancing.Rd:56: Lost braces in \itemize; \value handles \item{}{} directly
checkRd: (-1) optimize.portfolio.rebalancing.Rd:57-58: Lost braces in \itemize; \value handles \item{}{} directly
checkRd: (-1) optimize.portfolio.rebalancing.Rd:59-60: Lost braces in \itemize; \value handles \item{}{} directly
checkRd: (-1) portfolio.spec.Rd:32: Lost braces in \itemize; meant \describe ?
checkRd: (-1) portfolio.spec.Rd:33: Lost braces in \itemize; meant \describe ?
checkRd: (-1) portfolio.spec.Rd:34: Lost braces in \itemize; meant \describe ?
checkRd: (-1) portfolio.spec.Rd:35: Lost braces in \itemize; meant \describe ?
checkRd: (-1) portfolio.spec.Rd:36: Lost braces in \itemize; meant \describe ?
checkRd: (-1) portfolio.spec.Rd:37: Lost braces in \itemize; meant \describe ?
checkRd: (-1) random_portfolios.Rd:32-35: Lost braces in \itemize; meant \describe ?
checkRd: (-1) random_portfolios.Rd:36-43: Lost braces in \itemize; meant \describe ?
checkRd: (-1) random_portfolios.Rd:44-50: Lost braces in \itemize; meant \describe ?
checkRd: (-1) regime.portfolios.Rd:18: Lost braces in \itemize; \value handles \item{}{} directly
checkRd: (-1) regime.portfolios.Rd:19: Lost braces in \itemize; \value handles \item{}{} directly
checkRd: (-1) set.portfolio.moments.Rd:28: Lost braces in \itemize; meant \describe ?
checkRd: (-1) set.portfolio.moments.Rd:29-30: Lost braces in \itemize; meant \describe ?
checkRd: (-1) set.portfolio.moments.Rd:32-33: Lost braces in \itemize; meant \describe ?
checkRd: (-1) statistical.factor.model.Rd:18: Lost braces in \itemize; \value handles \item{}{} directly
checkRd: (-1) statistical.factor.model.Rd:19: Lost braces in \itemize; \value handles \item{}{} directly
checkRd: (-1) statistical.factor.model.Rd:20-21: Lost braces in \itemize; \value handles \item{}{} directly
Flavors: r-devel-windows-x86_64, r-release-windows-x86_64