Last updated on 2024-06-30 05:53:15 CEST.
Flavor | Version | Tinstall | Tcheck | Ttotal | Status | Flags |
---|---|---|---|---|---|---|
r-devel-linux-x86_64-debian-clang | 1.1.11 | 62.80 | 514.99 | 577.79 | OK | |
r-devel-linux-x86_64-debian-gcc | 1.1.11 | 49.35 | 395.14 | 444.49 | OK | |
r-devel-linux-x86_64-fedora-clang | 1.1.11 | 737.38 | NOTE | |||
r-devel-linux-x86_64-fedora-gcc | 1.1.11 | 738.71 | NOTE | |||
r-devel-windows-x86_64 | 1.1.11 | 52.00 | 337.00 | 389.00 | OK | |
r-patched-linux-x86_64 | 1.1.11 | 43.13 | 494.90 | 538.03 | OK | |
r-release-linux-x86_64 | 1.1.11 | 53.90 | 492.34 | 546.24 | OK | |
r-release-macos-arm64 | 1.1.11 | 185.00 | OK | |||
r-release-macos-x86_64 | 1.1.11 | 282.00 | OK | |||
r-release-windows-x86_64 | 1.1.11 | 52.00 | 339.00 | 391.00 | OK | |
r-oldrel-macos-arm64 | 1.1.11 | 6.00 | ERROR | |||
r-oldrel-macos-x86_64 | 1.1.11 | 379.00 | OK | |||
r-oldrel-windows-x86_64 | 1.1.11 | 71.00 | 466.00 | 537.00 | OK |
Version: 1.1.11
Check: dependencies in R code
Result: NOTE
Namespace in Imports field not imported from: ‘robustbase’
All declared Imports should be used.
Flavors: r-devel-linux-x86_64-fedora-clang, r-devel-linux-x86_64-fedora-gcc
Version: 1.1.11
Check: package dependencies
Result: ERROR
Package required but not available: ‘VariantAnnotation’
See section ‘The DESCRIPTION file’ in the ‘Writing R Extensions’
manual.
Flavor: r-oldrel-macos-arm64