Last updated on 2025-02-02 05:48:32 CET.
Flavor | Version | Tinstall | Tcheck | Ttotal | Status | Flags |
---|---|---|---|---|---|---|
r-devel-linux-x86_64-debian-clang | 0.2.0 | 23.16 | 52.95 | 76.11 | NOTE | |
r-devel-linux-x86_64-debian-gcc | 0.2.0 | 16.01 | 35.71 | 51.72 | NOTE | |
r-devel-linux-x86_64-fedora-clang | 0.2.0 | 137.12 | NOTE | |||
r-devel-linux-x86_64-fedora-gcc | 0.2.0 | 138.74 | NOTE | |||
r-devel-windows-x86_64 | 0.2.0 | 24.00 | 88.00 | 112.00 | NOTE | |
r-patched-linux-x86_64 | 0.2.0 | 21.62 | 48.34 | 69.96 | NOTE | |
r-release-linux-x86_64 | 0.2.0 | 20.08 | 47.93 | 68.01 | NOTE | |
r-release-macos-arm64 | 0.2.0 | 47.00 | NOTE | |||
r-release-macos-x86_64 | 0.2.0 | 61.00 | NOTE | |||
r-release-windows-x86_64 | 0.2.0 | 24.00 | 91.00 | 115.00 | NOTE | |
r-oldrel-macos-arm64 | 0.2.0 | 54.00 | NOTE | |||
r-oldrel-macos-x86_64 | 0.2.0 | 75.00 | NOTE | |||
r-oldrel-windows-x86_64 | 0.2.0 | 30.00 | 101.00 | 131.00 | NOTE |
Version: 0.2.0
Check: C++ specification
Result: NOTE
Specified C++11: please drop specification unless essential
Flavors: r-devel-linux-x86_64-debian-clang, r-devel-linux-x86_64-debian-gcc, r-devel-linux-x86_64-fedora-clang, r-devel-linux-x86_64-fedora-gcc, r-devel-windows-x86_64, r-patched-linux-x86_64, r-release-linux-x86_64, r-release-macos-arm64, r-release-macos-x86_64, r-release-windows-x86_64, r-oldrel-macos-arm64, r-oldrel-macos-x86_64, r-oldrel-windows-x86_64