Last updated on 2024-06-30 05:53:15 CEST.
Flavor | Version | Tinstall | Tcheck | Ttotal | Status | Flags |
---|---|---|---|---|---|---|
r-devel-linux-x86_64-debian-clang | 1.0 | 45.39 | 99.41 | 144.80 | NOTE | |
r-devel-linux-x86_64-debian-gcc | 1.0 | 32.03 | 71.25 | 103.28 | NOTE | |
r-devel-linux-x86_64-fedora-clang | 1.0 | 193.81 | NOTE | |||
r-devel-linux-x86_64-fedora-gcc | 1.0 | 185.17 | NOTE | |||
r-devel-windows-x86_64 | 1.0 | 36.00 | 125.00 | 161.00 | NOTE | |
r-patched-linux-x86_64 | 1.0 | 32.97 | 95.20 | 128.17 | NOTE | |
r-release-linux-x86_64 | 1.0 | 40.63 | 95.53 | 136.16 | NOTE | |
r-release-macos-arm64 | 1.0 | 57.00 | NOTE | |||
r-release-macos-x86_64 | 1.0 | 92.00 | NOTE | |||
r-release-windows-x86_64 | 1.0 | 36.00 | 126.00 | 162.00 | NOTE | |
r-oldrel-macos-arm64 | 1.0 | 61.00 | OK | |||
r-oldrel-macos-x86_64 | 1.0 | 171.00 | OK | |||
r-oldrel-windows-x86_64 | 1.0 | 44.00 | 134.00 | 178.00 | OK |
Version: 1.0
Check: Rd files
Result: NOTE
checkRd: (-1) mc3_pep.Rd:53: Lost braces; missing escapes or markup?
53 | is not 2^{p} but the number of unique models `visited' by the
| ^
Flavors: r-devel-linux-x86_64-debian-clang, r-devel-linux-x86_64-debian-gcc, r-devel-linux-x86_64-fedora-clang, r-devel-linux-x86_64-fedora-gcc, r-devel-windows-x86_64, r-patched-linux-x86_64, r-release-linux-x86_64, r-release-macos-arm64, r-release-macos-x86_64, r-release-windows-x86_64