Last updated on 2025-02-03 05:49:14 CET.
Flavor | Version | Tinstall | Tcheck | Ttotal | Status | Flags |
---|---|---|---|---|---|---|
r-devel-linux-x86_64-debian-clang | 1.0.2 | 13.45 | 72.20 | 85.65 | NOTE | |
r-devel-linux-x86_64-debian-gcc | 1.0.2 | 9.11 | 51.44 | 60.55 | NOTE | |
r-devel-linux-x86_64-fedora-clang | 1.0.2 | 143.35 | NOTE | |||
r-devel-linux-x86_64-fedora-gcc | 1.0.2 | 133.22 | NOTE | |||
r-devel-windows-x86_64 | 1.0.2 | 15.00 | 81.00 | 96.00 | NOTE | |
r-patched-linux-x86_64 | 1.0.2 | 10.39 | 67.45 | 77.84 | OK | |
r-release-linux-x86_64 | 1.0.2 | 11.47 | 67.52 | 78.99 | OK | |
r-release-macos-arm64 | 1.0.2 | 52.00 | NOTE | |||
r-release-macos-x86_64 | 1.0.2 | 89.00 | NOTE | |||
r-release-windows-x86_64 | 1.0.2 | 14.00 | 82.00 | 96.00 | NOTE | |
r-oldrel-macos-arm64 | 1.0.2 | 52.00 | NOTE | |||
r-oldrel-macos-x86_64 | 1.0.2 | 95.00 | NOTE | |||
r-oldrel-windows-x86_64 | 1.0.2 | 17.00 | 99.00 | 116.00 | NOTE |
Version: 1.0.2
Check: DESCRIPTION meta-information
Result: NOTE
Missing dependency on R >= 4.1.0 because package code uses the pipe
|> or function shorthand \(...) syntax added in R 4.1.0.
File(s) using such syntax:
‘app_server.R’
Flavors: r-devel-linux-x86_64-debian-clang, r-devel-linux-x86_64-debian-gcc, r-devel-linux-x86_64-fedora-clang, r-devel-linux-x86_64-fedora-gcc, r-devel-windows-x86_64
Version: 1.0.2
Check: installed package size
Result: NOTE
installed size is 6.0Mb
sub-directories of 1Mb or more:
data 5.6Mb
Flavors: r-release-macos-arm64, r-release-macos-x86_64, r-release-windows-x86_64, r-oldrel-macos-arm64, r-oldrel-macos-x86_64, r-oldrel-windows-x86_64