Last updated on 2024-06-30 05:53:13 CEST.
Flavor | Version | Tinstall | Tcheck | Ttotal | Status | Flags |
---|---|---|---|---|---|---|
r-devel-linux-x86_64-debian-clang | 0.6.2 | 6.26 | 89.72 | 95.98 | OK | |
r-devel-linux-x86_64-debian-gcc | 0.6.2 | 4.27 | 66.06 | 70.33 | OK | |
r-devel-linux-x86_64-fedora-clang | 0.6.2 | 120.37 | NOTE | |||
r-devel-linux-x86_64-fedora-gcc | 0.6.2 | 124.57 | NOTE | |||
r-devel-windows-x86_64 | 0.6.2 | 8.00 | 107.00 | 115.00 | OK | |
r-patched-linux-x86_64 | 0.6.2 | 5.73 | 83.65 | 89.38 | OK | |
r-release-linux-x86_64 | 0.6.2 | 5.71 | 86.03 | 91.74 | OK | |
r-release-macos-arm64 | 0.6.2 | 40.00 | OK | |||
r-release-macos-x86_64 | 0.6.2 | 63.00 | OK | |||
r-release-windows-x86_64 | 0.6.2 | 8.00 | 96.00 | 104.00 | OK | |
r-oldrel-macos-arm64 | 0.6.2 | 41.00 | OK | |||
r-oldrel-macos-x86_64 | 0.6.2 | 58.00 | OK | |||
r-oldrel-windows-x86_64 | 0.6.2 | 9.00 | 111.00 | 120.00 | OK |
Version: 0.6.2
Check: dependencies in R code
Result: NOTE
Namespaces in Imports field not imported from:
‘poweRlaw’ ‘rmutil’
All declared Imports should be used.
Flavors: r-devel-linux-x86_64-fedora-clang, r-devel-linux-x86_64-fedora-gcc