Last updated on 2025-02-03 05:49:13 CET.
Flavor | Version | Tinstall | Tcheck | Ttotal | Status | Flags |
---|---|---|---|---|---|---|
r-devel-linux-x86_64-debian-clang | 1.3.2 | 10.61 | 95.09 | 105.70 | OK | |
r-devel-linux-x86_64-debian-gcc | 1.3.2 | 7.29 | 70.33 | 77.62 | OK | |
r-devel-linux-x86_64-fedora-clang | 1.3.2 | 174.12 | OK | |||
r-devel-linux-x86_64-fedora-gcc | 1.3.2 | 176.81 | OK | |||
r-devel-windows-x86_64 | 1.3.2 | 11.00 | 103.00 | 114.00 | OK | |
r-patched-linux-x86_64 | 1.3.2 | 8.69 | 91.13 | 99.82 | NOTE | |
r-release-linux-x86_64 | 1.3.2 | 9.36 | 90.32 | 99.68 | NOTE | |
r-release-macos-arm64 | 1.3.2 | 60.00 | OK | |||
r-release-macos-x86_64 | 1.3.2 | 108.00 | OK | |||
r-release-windows-x86_64 | 1.3.2 | 11.00 | 101.00 | 112.00 | OK | |
r-oldrel-macos-arm64 | 1.3.2 | 66.00 | OK | |||
r-oldrel-macos-x86_64 | 1.3.2 | 99.00 | OK | |||
r-oldrel-windows-x86_64 | 1.3.2 | 14.00 | 125.00 | 139.00 | OK |
Version: 1.3.2
Check: package dependencies
Result: NOTE
Package suggested but not available for checking: ‘taxize’
Flavors: r-patched-linux-x86_64, r-release-linux-x86_64