Last updated on 2025-02-03 05:49:12 CET.
Flavor | Version | Tinstall | Tcheck | Ttotal | Status | Flags |
---|---|---|---|---|---|---|
r-devel-linux-x86_64-debian-clang | 0.5.12 | 154.88 | 112.99 | 267.87 | NOTE | |
r-devel-linux-x86_64-debian-gcc | 0.5.12 | 101.52 | 81.73 | 183.25 | NOTE | |
r-devel-linux-x86_64-fedora-clang | 0.5.12 | 514.86 | OK | |||
r-devel-linux-x86_64-fedora-gcc | 0.5.12 | 501.19 | OK | |||
r-devel-windows-x86_64 | 0.5.12 | 148.00 | 157.00 | 305.00 | NOTE | |
r-patched-linux-x86_64 | 0.5.12 | 139.95 | 103.74 | 243.69 | OK | |
r-release-linux-x86_64 | 0.5.12 | 143.33 | 103.98 | 247.31 | OK | |
r-release-macos-arm64 | 0.5.12 | 107.00 | NOTE | |||
r-release-macos-x86_64 | 0.5.12 | 116.00 | NOTE | |||
r-release-windows-x86_64 | 0.5.12 | 156.00 | 157.00 | 313.00 | OK | |
r-oldrel-macos-arm64 | 0.5.12 | 120.00 | NOTE | |||
r-oldrel-macos-x86_64 | 0.5.12 | 182.00 | NOTE | |||
r-oldrel-windows-x86_64 | 0.5.12 | 195.00 | 200.00 | 395.00 | OK |
Version: 0.5.12
Check: Rd cross-references
Result: NOTE
Found the following Rd file(s) with Rd \link{} targets missing package
anchors:
QIC.Rd: ginv
Please provide package anchors for all Rd \link{} targets not in the
package itself and the base packages.
Flavors: r-devel-linux-x86_64-debian-clang, r-devel-linux-x86_64-debian-gcc, r-devel-windows-x86_64
Version: 0.5.12
Check: installed package size
Result: NOTE
installed size is 8.6Mb
sub-directories of 1Mb or more:
data 2.7Mb
libs 5.4Mb
Flavors: r-release-macos-arm64, r-release-macos-x86_64, r-oldrel-macos-arm64, r-oldrel-macos-x86_64