Last updated on 2024-06-30 05:53:12 CEST.
Flavor | Version | Tinstall | Tcheck | Ttotal | Status | Flags |
---|---|---|---|---|---|---|
r-devel-linux-x86_64-debian-clang | 0.5.12 | 273.39 | 142.34 | 415.73 | OK | |
r-devel-linux-x86_64-debian-gcc | 0.5.12 | 173.94 | 104.50 | 278.44 | OK | |
r-devel-linux-x86_64-fedora-clang | 0.5.12 | 605.36 | OK | |||
r-devel-linux-x86_64-fedora-gcc | 0.5.12 | 594.71 | OK | |||
r-devel-windows-x86_64 | 0.5.12 | 205.00 | 160.00 | 365.00 | OK | |
r-patched-linux-x86_64 | 0.5.12 | 161.35 | 135.66 | 297.01 | OK | |
r-release-linux-x86_64 | 0.5.12 | 204.52 | 136.42 | 340.94 | OK | |
r-release-macos-arm64 | 0.5.12 | 107.00 | NOTE | |||
r-release-macos-x86_64 | 0.5.12 | 116.00 | NOTE | |||
r-release-windows-x86_64 | 0.5.12 | 201.00 | 161.00 | 362.00 | OK | |
r-oldrel-macos-arm64 | 0.5.12 | 120.00 | NOTE | |||
r-oldrel-macos-x86_64 | 0.5.12 | 182.00 | NOTE | |||
r-oldrel-windows-x86_64 | 0.5.12 | 252.00 | 202.00 | 454.00 | OK |
Version: 0.5.12
Check: installed package size
Result: NOTE
installed size is 8.6Mb
sub-directories of 1Mb or more:
data 2.7Mb
libs 5.4Mb
Flavors: r-release-macos-arm64, r-release-macos-x86_64, r-oldrel-macos-arm64, r-oldrel-macos-x86_64