Last updated on 2024-06-30 05:53:12 CEST.
Flavor | Version | Tinstall | Tcheck | Ttotal | Status | Flags |
---|---|---|---|---|---|---|
r-devel-linux-x86_64-debian-clang | 0.1.3 | 9.35 | 79.64 | 88.99 | NOTE | |
r-devel-linux-x86_64-debian-gcc | 0.1.3 | 6.05 | 59.25 | 65.30 | NOTE | |
r-devel-linux-x86_64-fedora-clang | 0.1.3 | 112.24 | NOTE | |||
r-devel-linux-x86_64-fedora-gcc | 0.1.3 | 105.64 | NOTE | |||
r-devel-windows-x86_64 | 0.1.3 | 8.00 | 71.00 | 79.00 | NOTE | |
r-patched-linux-x86_64 | 0.1.3 | 6.21 | 75.78 | 81.99 | NOTE | |
r-release-linux-x86_64 | 0.1.3 | 10.21 | 77.32 | 87.53 | NOTE | |
r-release-macos-arm64 | 0.1.3 | 34.00 | NOTE | |||
r-release-macos-x86_64 | 0.1.3 | 57.00 | NOTE | |||
r-release-windows-x86_64 | 0.1.3 | 8.00 | 70.00 | 78.00 | NOTE | |
r-oldrel-macos-arm64 | 0.1.3 | 36.00 | NOTE | |||
r-oldrel-macos-x86_64 | 0.1.3 | 58.00 | NOTE | |||
r-oldrel-windows-x86_64 | 0.1.3 | 9.00 | 87.00 | 96.00 | NOTE |
Version: 0.1.3
Check: LazyData
Result: NOTE
'LazyData' is specified without a 'data' directory
Flavors: r-devel-linux-x86_64-debian-clang, r-devel-linux-x86_64-debian-gcc, r-devel-linux-x86_64-fedora-clang, r-devel-linux-x86_64-fedora-gcc, r-devel-windows-x86_64, r-patched-linux-x86_64, r-release-linux-x86_64, r-release-macos-arm64, r-release-macos-x86_64, r-release-windows-x86_64, r-oldrel-macos-arm64, r-oldrel-macos-x86_64, r-oldrel-windows-x86_64