Last updated on 2024-06-30 05:53:12 CEST.
Flavor | Version | Tinstall | Tcheck | Ttotal | Status | Flags |
---|---|---|---|---|---|---|
r-devel-linux-x86_64-debian-clang | 1.1.7 | 155.14 | 218.24 | 373.38 | NOTE | |
r-devel-linux-x86_64-debian-gcc | 1.1.7 | 133.04 | 187.68 | 320.72 | NOTE | |
r-devel-linux-x86_64-fedora-clang | 1.1.7 | 482.82 | NOTE | |||
r-devel-linux-x86_64-fedora-gcc | 1.1.7 | 589.40 | NOTE | |||
r-devel-windows-x86_64 | 1.1.7 | 133.00 | 222.00 | 355.00 | NOTE | |
r-patched-linux-x86_64 | 1.1.7 | 113.79 | 255.63 | 369.42 | NOTE | |
r-release-linux-x86_64 | 1.1.7 | 126.39 | 250.90 | 377.29 | NOTE | |
r-release-macos-arm64 | 1.1.7 | 126.00 | NOTE | |||
r-release-macos-x86_64 | 1.1.7 | 226.00 | NOTE | |||
r-release-windows-x86_64 | 1.1.7 | 130.00 | 225.00 | 355.00 | NOTE | |
r-oldrel-macos-arm64 | 1.1.7 | 131.00 | NOTE | |||
r-oldrel-macos-x86_64 | 1.1.7 | 275.00 | NOTE | |||
r-oldrel-windows-x86_64 | 1.1.7 | 170.00 | 259.00 | 429.00 | NOTE |
Version: 1.1.7
Check: for GNU extensions in Makefiles
Result: NOTE
GNU make is a SystemRequirements.
Flavors: r-devel-linux-x86_64-debian-clang, r-devel-linux-x86_64-debian-gcc, r-devel-linux-x86_64-fedora-clang, r-devel-linux-x86_64-fedora-gcc, r-devel-windows-x86_64, r-patched-linux-x86_64, r-release-linux-x86_64, r-release-macos-arm64, r-release-macos-x86_64, r-release-windows-x86_64, r-oldrel-macos-arm64, r-oldrel-macos-x86_64, r-oldrel-windows-x86_64
Version: 1.1.7
Check: installed package size
Result: NOTE
installed size is 38.4Mb
sub-directories of 1Mb or more:
libs 38.0Mb
Flavors: r-release-macos-arm64, r-release-macos-x86_64, r-oldrel-macos-arm64, r-oldrel-macos-x86_64